000
CDUS46 KSEW 190120
CLISEW


CLIMATE REPORT
NATIONAL WEATHER SERVICE SEATTLE WA
619 PM PDT SAT APR 18 2015


...................................

...THE SEATTLE WA WFO CLIMATE SUMMARY FOR APRIL 18 2015...
VALID TODAY AS OF 0600 PM LOCAL TIME.

CLIMATE NORMAL PERIOD 1981 TO 2010
CLIMATE RECORD PERIOD 1986 TO 2015


WEATHER ITEM   OBSERVED TIME   RECORD YEAR     LAST
                VALUE   (LST)  VALUE           YEAR
....................................................
TEMPERATURE (F)
 TODAY
  MAXIMUM         63        MM  70    2010    60
                                      1999
  MINIMUM         43        MM  35    2008    43
  AVERAGE         53                          52

PRECIPITATION (IN)
  TODAY            0.00          0.35 2008     0.10
  MONTH TO DATE    1.04                        2.15
  SINCE OCT 1     29.12                       25.57
  SINCE JAN 1     12.56                       19.72

SNOWFALL (IN)
  TODAY            0.0                         0.0
  MONTH TO DATE    0.0                         0.0
  SINCE OCT 1      T                           2.9
  SINCE JUL 1      T                           2.9
  SNOW DEPTH       0

DEGREE DAYS
 HEATING
  TODAY           12                          13
  MONTH TO DATE  257                         230
  SINCE MAR 1    694                         754
  SINCE JUL 1   3175                        4018

 COOLING
  TODAY            0                           0
  MONTH TO DATE    0                           0
  SINCE MAR 1      0                           0
  SINCE JAN 1      0                           0
....................................................


WIND (MPH)
  HIGHEST WIND SPEED    MM   HIGHEST WIND DIRECTION    MM
  HIGHEST GUST SPEED    MM   HIGHEST GUST DIRECTION    MM
  AVERAGE WIND SPEED    MM



WEATHER CONDITIONS
 THE FOLLOWING WEATHER WAS RECORDED TODAY.
  NO SIGNIFICANT WEATHER WAS OBSERVED.






-  INDICATES NEGATIVE NUMBERS.
R  INDICATES RECORD WAS SET OR TIED.
MM INDICATES DATA IS MISSING.
T  INDICATES TRACE AMOUNT.




$$
