000
CDUS43 KSGF 210629
CLISGF


CLIMATE REPORT
NATIONAL WEATHER SERVICE SPRINGFIELD MO
129 AM CDT TUE APR 21 2015


...................................

...THE SPRINGFIELD MO CLIMATE SUMMARY FOR APRIL 20 2015...

CLIMATE NORMAL PERIOD 1981 TO 2010
CLIMATE RECORD PERIOD 1888 TO 2015


WEATHER ITEM   OBSERVED TIME   RECORD YEAR NORMAL DEPARTURE LAST
                VALUE   (LST)  VALUE       VALUE  FROM      YEAR
                                                  NORMAL
..................................................................
TEMPERATURE (F)
 YESTERDAY
  MAXIMUM         59    422 PM  89    1987  69    -10       77
  MINIMUM         41   1149 PM  26    1953  46     -5       55
  AVERAGE         50                        57     -7       66

PRECIPITATION (IN)
  YESTERDAY        0.00          1.82 1984   0.15  -0.15     0.00
  MONTH TO DATE    2.47                      2.68  -0.21     0.84
  SINCE MAR 1      5.85                      6.30  -0.45     3.17
  SINCE JAN 1      8.45                     11.29  -2.84     4.96

SNOWFALL (IN)
  YESTERDAY        0.0
  MONTH TO DATE    0.0
  SINCE MAR 1      1.2
  SINCE JUL 1     15.8
  SNOW DEPTH       0

DEGREE DAYS
 HEATING
  YESTERDAY       15                         9      6        0
  MONTH TO DATE  131                       229    -98      214
  SINCE MAR 1    678                       810   -132      895
  SINCE JUL 1   4385                      4403    -18     4850

 COOLING
  YESTERDAY        0                         1     -1        1
  MONTH TO DATE   22                        13      9        8
  SINCE MAR 1     22                        16      6        8
  SINCE JAN 1     22                        16      6        8
..................................................................


WIND (MPH)
  HIGHEST WIND SPEED    25   HIGHEST WIND DIRECTION     W (280)
  HIGHEST GUST SPEED    32   HIGHEST GUST DIRECTION     W (280)
  AVERAGE WIND SPEED    12.0


SKY COVER
  AVERAGE SKY COVER 0.3


WEATHER CONDITIONS
 THE FOLLOWING WEATHER WAS RECORDED YESTERDAY.
  NO SIGNIFICANT WEATHER WAS OBSERVED.


RELATIVE HUMIDITY (PERCENT)
 HIGHEST    71          1200 AM
 LOWEST     30           500 PM
 AVERAGE    51

..........................................................


THE SPRINGFIELD MO CLIMATE NORMALS FOR TODAY
                         NORMAL    RECORD    YEAR
 MAXIMUM TEMPERATURE (F)   69        93      1963
 MINIMUM TEMPERATURE (F)   46        28      1978
                                             1966


SUNRISE AND SUNSET
APRIL 21 2015.........SUNRISE   631 AM CDT   SUNSET   754 PM CDT
APRIL 22 2015.........SUNRISE   630 AM CDT   SUNSET   755 PM CDT


-  INDICATES NEGATIVE NUMBERS.
R  INDICATES RECORD WAS SET OR TIED.
MM INDICATES DATA IS MISSING.
T  INDICATES TRACE AMOUNT.




$$
