000
CDUS45 KBYZ 250935
CLISHR


CLIMATE REPORT
NATIONAL WEATHER SERVICE BILLINGS MT
333 AM MDT SAT APR 25 2015


...................................

...THE SHERIDAN WY CLIMATE SUMMARY FOR APRIL 24 2015...

CLIMATE NORMAL PERIOD 1981 TO 2010
CLIMATE RECORD PERIOD 1907 TO 2015


WEATHER ITEM   OBSERVED TIME   RECORD YEAR NORMAL DEPARTURE LAST
                VALUE   (LST)  VALUE       VALUE  FROM      YEAR
                                                  NORMAL
..................................................................
TEMPERATURE (F)
 YESTERDAY
  MAXIMUM         69   1141 AM  84    2012  60      9       62
                                      1962
  MINIMUM         33    523 AM  13    1958  32      1       31
  AVERAGE         51                        46      5       47

PRECIPITATION (IN)
  YESTERDAY        0.00          1.32        0.07  -0.07     0.00
  MONTH TO DATE    0.92                      1.17  -0.25     1.24
  SINCE OCT 1      5.44                      5.93  -0.49     8.54
  SINCE JAN 1      3.05                      3.25  -0.20     4.78

DEGREE DAYS
 HEATING
  YESTERDAY       14                        19     -5       18
  MONTH TO DATE  505                       533    -28      511
  SINCE MAR 1   1206                      1457   -251     1500
  SINCE JUL 1   6436                      6992   -556     7250

 COOLING
  YESTERDAY        0                         0      0        0
  MONTH TO DATE    0                         0      0        0
  SINCE MAR 1      0                         0      0        0
  SINCE JAN 1      0                         0      0        0
..................................................................


WIND (MPH)
  HIGHEST WIND SPEED    23   HIGHEST WIND DIRECTION     N (350)
  HIGHEST GUST SPEED    26   HIGHEST GUST DIRECTION     N (340)
  AVERAGE WIND SPEED     5.4


SKY COVER
  POSSIBLE SUNSHINE  MM
  AVERAGE SKY COVER 0.2


WEATHER CONDITIONS
 THE FOLLOWING WEATHER WAS RECORDED YESTERDAY.
  FOG
  FOG W/VISIBILITY <= 1/4 MILE


RELATIVE HUMIDITY (PERCENT)
 HIGHEST   100           300 AM
 LOWEST     32          1200 PM
 AVERAGE    66

..........................................................


THE SHERIDAN WY CLIMATE NORMALS FOR TODAY
                         NORMAL    RECORD    YEAR
 MAXIMUM TEMPERATURE (F)   60        81      1952
                                             1910
 MINIMUM TEMPERATURE (F)   32        14      1988
                                             1958
                                             1950


SUNRISE AND SUNSET
APRIL 25 2015.........SUNRISE   607 AM MDT   SUNSET   805 PM MDT
APRIL 26 2015.........SUNRISE   606 AM MDT   SUNSET   807 PM MDT


-  INDICATES NEGATIVE NUMBERS.
R  INDICATES RECORD WAS SET OR TIED.
MM INDICATES DATA IS MISSING.
T  INDICATES TRACE AMOUNT.




$$
