000
CDUS44 KSHV 270855
CLISHV


CLIMATE REPORT
NATIONAL WEATHER SERVICE SHREVEPORT, LA
351 AM CDT MON APR 27 2015


...................................

...THE SHREVEPORT CLIMATE SUMMARY FOR APRIL 26 2015...

CLIMATE NORMAL PERIOD 1981 TO 2010
CLIMATE RECORD PERIOD 1874 TO 2015


WEATHER ITEM   OBSERVED TIME   RECORD YEAR NORMAL DEPARTURE LAST
                VALUE   (LST)  VALUE       VALUE  FROM      YEAR
                                                  NORMAL
..................................................................
TEMPERATURE (F)
 YESTERDAY
  MAXIMUM         90    318 PM  92    1882  79     11       88
  MINIMUM         64    552 AM  41    1910  57      7       52
  AVERAGE         77                        68      9       70

PRECIPITATION (IN)
  YESTERDAY        0.00          2.80 1915   0.15  -0.15     0.00
  MONTH TO DATE    5.13                      3.63   1.50     3.96
  SINCE DEC 1     28.63                     21.49   7.14    16.40
  SINCE JAN 1     24.88                     16.72   8.16    11.42

SNOWFALL (IN)
  YESTERDAY        0.0
  MONTH TO DATE    0.0
  SINCE MAR 1      0.4
  SINCE JUL 1      4.5
  SNOW DEPTH       0

DEGREE DAYS
 HEATING
  YESTERDAY        0                         1     -1        0
  MONTH TO DATE   27                        82    -55      102
  SINCE MAR 1    281                       333    -52      424
  SINCE JUL 1   2281                      2215     66     2535

 COOLING
  YESTERDAY       12                         4      8        5
  MONTH TO DATE  138                        75     63       79
  SINCE MAR 1    164                       106     58       92
  SINCE JAN 1    164                       116     48       98
..................................................................


WIND (MPH)
  HIGHEST WIND SPEED    14   HIGHEST WIND DIRECTION     E (80)
  HIGHEST GUST SPEED    18   HIGHEST GUST DIRECTION     S (180)
  AVERAGE WIND SPEED     6.1


SKY COVER
  POSSIBLE SUNSHINE  MM
  AVERAGE SKY COVER 0.5


WEATHER CONDITIONS
 THE FOLLOWING WEATHER WAS RECORDED YESTERDAY.
  FOG


RELATIVE HUMIDITY (PERCENT)
 HIGHEST   100           500 AM
 LOWEST     32           300 PM
 AVERAGE    66

..........................................................


THE SHREVEPORT CLIMATE NORMALS FOR TODAY
                         NORMAL    RECORD    YEAR
 MAXIMUM TEMPERATURE (F)   79        92      1987
 MINIMUM TEMPERATURE (F)   57        40      1978


SUNRISE AND SUNSET
APRIL 27 2015.........SUNRISE   633 AM CDT   SUNSET   753 PM CDT
APRIL 28 2015.........SUNRISE   632 AM CDT   SUNSET   754 PM CDT


-  INDICATES NEGATIVE NUMBERS.
R  INDICATES RECORD WAS SET OR TIED.
MM INDICATES DATA IS MISSING.
T  INDICATES TRACE AMOUNT.




$$
