000
CDUS46 KMTR 020845
CLISJC


CLIMATE REPORT
NATIONAL WEATHER SERVICE SAN FRANCISCO BAY AREA
145 AM PDT THU APR 2 2015


...................................

...THE SAN JOSE AIRPORT CLIMATE SUMMARY FOR APRIL 1 2015...

CLIMATE NORMAL PERIOD 1981 TO 2010
CLIMATE RECORD PERIOD 1893 TO 2015


WEATHER ITEM   OBSERVED TIME   RECORD YEAR NORMAL DEPARTURE LAST
                VALUE   (LST)  VALUE       VALUE  FROM      YEAR
                                                  NORMAL
..................................................................
TEMPERATURE (F)
 YESTERDAY
  MAXIMUM         65    311 PM  84    2011  68     -3       57
  MINIMUM         47    556 AM  29    1896  47      0       43
  AVERAGE         56                        57     -1       50

PRECIPITATION (IN)
  YESTERDAY        0.00          1.00 1958   0.04  -0.04     0.29
  MONTH TO DATE    0.00                      0.04  -0.04     0.29
  SINCE OCT 1     11.88                     13.17  -1.29     5.31
  SINCE JAN 1      1.93                      8.39  -6.46     4.41

SNOWFALL (IN)
  YESTERDAY        0.0                      MM     MM        0.0
  MONTH TO DATE    0.0                      MM     MM        0.0
  SINCE MAR 1      0.0                      MM     MM        0.0
  SINCE JUL 1      0.0                      MM     MM        0.0

DEGREE DAYS
 HEATING
  YESTERDAY        9                         8      1       15
  MONTH TO DATE    9                         8      1       15
  SINCE MAR 1    145                       263   -118      185
  SINCE JUL 1   1365                      1726   -361     1726

 COOLING
  YESTERDAY        0                         0      0        0
  MONTH TO DATE    0                         0      0        0
  SINCE MAR 1     14                         4     10        4
  SINCE JAN 1     14                         4     10        4
..................................................................


WIND (MPH)
  RESULTANT WIND SPEED   6   RESULTANT WIND DIRECTION  NW (300)
  HIGHEST WIND SPEED    23   HIGHEST WIND DIRECTION    NW (300)
  HIGHEST GUST SPEED    28   HIGHEST GUST DIRECTION    NW (310)
  AVERAGE WIND SPEED     7.3


SKY COVER
  POSSIBLE SUNSHINE  MM
  AVERAGE SKY COVER 0.3


WEATHER CONDITIONS
 THE FOLLOWING WEATHER WAS RECORDED YESTERDAY.
  NO SIGNIFICANT WEATHER WAS OBSERVED.


RELATIVE HUMIDITY (PERCENT)
 HIGHEST    71           600 AM
 LOWEST     34          1200 PM
 AVERAGE    53

..........................................................


THE SAN JOSE AIRPORT CLIMATE NORMALS FOR TODAY
                         NORMAL    RECORD    YEAR
 MAXIMUM TEMPERATURE (F)   68        85      1985
 MINIMUM TEMPERATURE (F)   47        31      1896


SUNRISE AND SUNSET
APRIL  2 2015.........SUNRISE   652 AM PDT   SUNSET   731 PM PDT
APRIL  3 2015.........SUNRISE   651 AM PDT   SUNSET   732 PM PDT


-  INDICATES NEGATIVE NUMBERS.
R  INDICATES RECORD WAS SET OR TIED.
MM INDICATES DATA IS MISSING.
T  INDICATES TRACE AMOUNT.




$$
