000
CDUS44 KSJT 270657
CLISJT


CLIMATE REPORT
NATIONAL WEATHER SERVICE SAN ANGELO TX
155 AM CDT MON APR 27 2015


...................................

...THE SAN ANGELO CLIMATE SUMMARY FOR APRIL 26 2015...

CLIMATE NORMAL PERIOD 1981 TO 2010
CLIMATE RECORD PERIOD 1907 TO 2015


WEATHER ITEM   OBSERVED TIME   RECORD YEAR NORMAL DEPARTURE LAST
                VALUE   (LST)  VALUE       VALUE  FROM      YEAR
                                                  NORMAL
..................................................................
TEMPERATURE (F)
 YESTERDAY
  MAXIMUM         94    433 PM 105    2012  83     11       94
  MINIMUM         54    319 AM  38    2007  55     -1       69
  AVERAGE         74                        69      5       82

PRECIPITATION (IN)
  YESTERDAY        T             2.35 1957   0.05  -0.05     0.00
  MONTH TO DATE    1.81                      1.18   0.63     0.41
  SINCE MAR 1      3.47                      2.68   0.79     0.46
  SINCE JAN 1      5.73                      4.96   0.77     0.52

SNOWFALL (IN)
  YESTERDAY        0.0           0.0  2002   0.0    0.0      0.0
  MONTH TO DATE    0.0                       0.0    0.0      0.0
  SINCE NOV 1      1.4                       2.2   -0.8      1.6
  SINCE JUL 1      1.4                       2.2   -0.8      1.6
  SNOW DEPTH       0

DEGREE DAYS
 HEATING
  YESTERDAY        0                         1     -1        0
  MONTH TO DATE   24                        84    -60       65
  SINCE MAR 1    310                       341    -31      347
  SINCE JUL 1   2157                      2302   -145     2467

 COOLING
  YESTERDAY        9                         5      4       17
  MONTH TO DATE  141                        93     48      171
  SINCE MAR 1    192                       126     66      226
  SINCE JAN 1    194                       131     63      229
..................................................................


WIND (MPH)
  HIGHEST WIND SPEED    36   HIGHEST WIND DIRECTION     W (290)
  HIGHEST GUST SPEED    45   HIGHEST GUST DIRECTION     W (280)
  AVERAGE WIND SPEED    13.9


SKY COVER
  POSSIBLE SUNSHINE  MM
  AVERAGE SKY COVER 0.1


WEATHER CONDITIONS
 THE FOLLOWING WEATHER WAS RECORDED YESTERDAY.
  THUNDERSTORM
  LIGHT RAIN
  HAIL


RELATIVE HUMIDITY (PERCENT)
 HIGHEST    79           900 AM
 LOWEST     11           300 PM
 AVERAGE    45

..........................................................


THE SAN ANGELO CLIMATE NORMALS FOR TODAY
                         NORMAL    RECORD    YEAR
 MAXIMUM TEMPERATURE (F)   83       102      2012
 MINIMUM TEMPERATURE (F)   55        39      1916
                                             1908


SUNRISE AND SUNSET
APRIL 27 2015.........SUNRISE   701 AM CDT   SUNSET   819 PM CDT
APRIL 28 2015.........SUNRISE   700 AM CDT   SUNSET   819 PM CDT


-  INDICATES NEGATIVE NUMBERS.
R  INDICATES RECORD WAS SET OR TIED.
MM INDICATES DATA IS MISSING.
T  INDICATES TRACE AMOUNT.




$$
