000
CDUS46 KPQR 050221
CLISLE


CLIMATE REPORT
NATIONAL WEATHER SERVICE PORTLAND OREGON
720 PM PDT MON MAY 4 2015


...................................

...THE SALEM OR CLIMATE SUMMARY FOR MAY 4 2015...
VALID TODAY AS OF 0700 PM LOCAL TIME.

CLIMATE NORMAL PERIOD 1981 TO 2010
CLIMATE RECORD PERIOD 1892 TO 2015


WEATHER ITEM   OBSERVED TIME   RECORD YEAR NORMAL DEPARTURE LAST
                VALUE   (LST)  VALUE       VALUE  FROM      YEAR
                                                  NORMAL
..................................................................
TEMPERATURE (F)
 TODAY
  MAXIMUM         65    350 PM  86    1990  65      0       63
  MINIMUM         42    506 AM  29    1982  42      0       51
                                      1962
                                      1952
  AVERAGE         54                        54      0       57

PRECIPITATION (IN)
  TODAY            0.00          0.88 1941   0.07  -0.07     0.07
  MONTH TO DATE    0.00                      0.29  -0.29     0.38
  SINCE OCT 1     31.42                     34.00  -2.58    24.26
  SINCE JAN 1     13.88                     17.61  -3.73    19.68

DEGREE DAYS
 HEATING
  TODAY           11                        11      0        8
  MONTH TO DATE   31                        47    -16       23
  SINCE MAR 1    858                      1050   -192      864
  SINCE JUL 1   3328                      4290   -962     4150

 COOLING
  TODAY            0                         0      0        0
  MONTH TO DATE    0                         0      0        4
  SINCE MAR 1      0                         0      0        5
  SINCE JAN 1      0                         0      0        5
..................................................................


WIND (MPH)
  HIGHEST WIND SPEED    16   HIGHEST WIND DIRECTION    NW (320)
  HIGHEST GUST SPEED    20   HIGHEST GUST DIRECTION    NW (320)
  AVERAGE WIND SPEED     6.2


SKY COVER
  POSSIBLE SUNSHINE  MM
  AVERAGE SKY COVER 0.5


WEATHER CONDITIONS
 THE FOLLOWING WEATHER WAS RECORDED TODAY.
  NO SIGNIFICANT WEATHER WAS OBSERVED.


RELATIVE HUMIDITY (PERCENT)
 HIGHEST    92           600 AM
 LOWEST     44           400 PM
 AVERAGE    68

..........................................................


THE SALEM OR CLIMATE NORMALS FOR TOMORROW
                         NORMAL    RECORD    YEAR
 MAXIMUM TEMPERATURE (F)   65        87      2013
                                             1992
                                             1953
 MINIMUM TEMPERATURE (F)   42        32      1985


SUNRISE AND SUNSET
MAY  4 2015...........SUNRISE   557 AM PDT   SUNSET   821 PM PDT
MAY  5 2015...........SUNRISE   556 AM PDT   SUNSET   822 PM PDT


-  INDICATES NEGATIVE NUMBERS.
R  INDICATES RECORD WAS SET OR TIED.
MM INDICATES DATA IS MISSING.
T  INDICATES TRACE AMOUNT.




$$
