000
CDUS43 KICT 280620
CLISLN


CLIMATE REPORT
NATIONAL WEATHER SERVICE WICHITA KS
120 AM CDT TUE APR 28 2015


...................................

...THE SALINA KS CLIMATE SUMMARY FOR APRIL 27 2015...

CLIMATE NORMAL PERIOD 1981 TO 2010
CLIMATE RECORD PERIOD 1894 TO 2015


WEATHER ITEM   OBSERVED TIME   RECORD YEAR NORMAL DEPARTURE LAST
                VALUE   (LST)  VALUE       VALUE  FROM      YEAR
                                                  NORMAL
..................................................................
TEMPERATURE (F)
 YESTERDAY
  MAXIMUM         67    254 PM  94    1989  71     -4       79
  MINIMUM         45    124 AM  29    1910  47     -2       57
  AVERAGE         56                        59     -3       68

PRECIPITATION (IN)
  YESTERDAY        0.00          2.04 1986   0.11  -0.11     0.10
  MONTH TO DATE    1.83                      2.70  -0.87     1.03
  SINCE MAR 1      1.88                      5.09  -3.21     1.33
  SINCE JAN 1      3.32                      6.89  -3.57     3.14

DEGREE DAYS
 HEATING
  YESTERDAY        9                         7      2        0
  MONTH TO DATE  201                       298    -97      264
  SINCE MAR 1    716                       907   -191      999
  SINCE JUL 1   4545                      4748   -203     5249

 COOLING
  YESTERDAY        0                         1     -1        3
  MONTH TO DATE   11                        19     -8       36
  SINCE MAR 1     12                        21     -9       36
  SINCE JAN 1     12                        21     -9       36
..................................................................


WIND (MPH)
  HIGHEST WIND SPEED    24   HIGHEST WIND DIRECTION    NE (30)
  HIGHEST GUST SPEED    35   HIGHEST GUST DIRECTION    NE (30)
  AVERAGE WIND SPEED    10.6


SKY COVER
  POSSIBLE SUNSHINE  MM
  AVERAGE SKY COVER 0.0


WEATHER CONDITIONS
 THE FOLLOWING WEATHER WAS RECORDED YESTERDAY.
  NO SIGNIFICANT WEATHER WAS OBSERVED.


RELATIVE HUMIDITY (PERCENT)
 HIGHEST    82          1200 AM
 LOWEST     29           400 PM
 AVERAGE    56

..........................................................


THE SALINA KS CLIMATE NORMALS FOR TODAY
                         NORMAL    RECORD    YEAR
 MAXIMUM TEMPERATURE (F)   71        95      1909
 MINIMUM TEMPERATURE (F)   48        28      1965


SUNRISE AND SUNSET
APRIL 28 2015.........SUNRISE   637 AM CDT   SUNSET   820 PM CDT
APRIL 29 2015.........SUNRISE   636 AM CDT   SUNSET   821 PM CDT


-  INDICATES NEGATIVE NUMBERS.
R  INDICATES RECORD WAS SET OR TIED.
MM INDICATES DATA IS MISSING.
T  INDICATES TRACE AMOUNT.




$$
