000
CDAK48 PASN 041200
CLISNP

CLIMATE REPORT
NATIONAL WEATHER SERVICE ST PAUL, AK
400 AM AKDT MON MAY 4 2015

...................................
...THE ST PAUL AIRPORT CLIMATE SUMMARY FOR MAY 3 2015...

CLIMATE NORMAL PERIOD  1981 TO  2010
CLIMATE RECORD PERIOD  1949 TO  2015

WEATHER ITEM   OBSERVED TIME    RECORD YEAR NORMAL DEPARTURE LAST
               VALUE    (LST)   VALUE       VALUE  FROM      YEAR
                                                   NORMAL
...................................................................
TEMPERATURE
YESTERDAY
 MAXIMUM            41  0253 PM    45  2014     37       4     45
 MINIMUM            33  0653 AM    17  1971     30       3     26
 AVERAGE            37                          34       3     36

PRECIPITATION
(INCHES)
 YESTERDAY           T           0.27  2003   0.04   -0.04   0.00
 MONTH TO DATE    0.01                        0.11   -0.10   0.11
 SINCE MAR 1      1.94                        2.26   -0.32   2.21
 SINCE JAN 1      4.26                        5.14   -0.88   6.54

SNOWFALL
(INCHES)
 YESTERDAY         0.0            1.4  1973    0.0     0.0    0.0
 MONTH TO DATE       T                         0.2    -0.2    0.0
 SINCE MAR 1      18.6                        13.9     4.7    9.4
 SINCE JUL 1      48.3                        58.9   -10.6   43.7
 SNOW DEPTH (IN)     0                                          0

DEGREE DAYS
 HEATING
  YESTERDAY         28                          31      -3     29
  MONTH TO DATE     85                          95     -10     81
  SINCE MAR 1     2314                        2403     -89   2253
  SINCE JUL 1     8271                        9322   -1051   8699

 COOLING
  YESTERDAY          0                           0       0      0
  MONTH TO DATE      0                           0       0      0
  SINCE MAR 1        0                           0       0      0
  SINCE JAN 1        0                           0       0      0
...................................................................

WIND (MPH)
 HIGHEST WIND SPEED    28     HIGHEST WIND DIRECTION     90
 HIGHEST GUST SPEED    35     HIGHEST GUST DIRECTION     80
 AVERAGE WIND SPEED  17.3

SKY COVER
  POSSIBLE SUNSHINE    MM          AVERAGE SKY COVER     MM

WEATHER CONDITIONS
 THE FOLLOWING WEATHER WAS RECORDED YESTERDAY.
  FOG
  RAIN


RELATIVE HUMIDITY
 HIGHEST RH     MM PERCENT       MM
 LOWEST  RH     MM PERCENT       MM
 AVERAGE RH     MM PERCENT       MM
...................................................................

THE ST PAUL CLIMATE NORMALS FOR TODAY
                           NORMAL    RECORD   YEAR
 MAXIMUM TEMPERATURE (F)     38        45     2009
 MINIMUM TEMPERATURE (F)     30         9     1971

SUNRISE AND SUNSET
 MAY 4 2015..........SUNRISE  7:26 AM      SUNSET 11:12 PM
 MAY 5 2015..........SUNRISE  7:23 AM      SUNSET 11:14 PM

-  INDICATES NEGATIVE NUMBERS.
R  INDICATES RECORD HAS BEEN SET OR TIED.
MM INDICATES DATA IS MISSING.
T  INDICATES TRACE OF PRECIPITATION.

&&
-------------------------------------------------------------------

AMOUNT OF DAYLIGHT TODAY  (HOUR:MIN)........15 HOURS 46 MINUTES
GAIN/LOSS SINCE YESTERDAY (HOUR:MIN:SEC)....+0:04:25

$$
WIW MAY 15
