000
CDUS46 KMTR 210836
CLISNS


CLIMATE REPORT
NATIONAL WEATHER SERVICE SAN FRANCISCO BAY AREA
135 AM PDT TUE APR 21 2015


...................................

...THE SALINAS AIRPORT CLIMATE SUMMARY FOR APRIL 20 2015...

CLIMATE NORMAL PERIOD 1981 TO 2010
CLIMATE RECORD PERIOD 1930 TO 2015


WEATHER ITEM   OBSERVED TIME   RECORD YEAR NORMAL DEPARTURE LAST
                VALUE   (LST)  VALUE       VALUE  FROM      YEAR
                                                  NORMAL
..................................................................
TEMPERATURE (F)
 YESTERDAY
  MAXIMUM         62    315 PM  99    2009  68     -6       76
  MINIMUM         54    629 AM  34    1972  47      7       51
  AVERAGE         58                        57      1       64

PRECIPITATION (IN)
  YESTERDAY        0.00          0.60 2010   0.02  -0.02     0.00
  MONTH TO DATE    0.34                      0.71  -0.37     0.37
  SINCE OCT 1      9.16                     11.97  -2.81     5.55
  SINCE JAN 1      1.17                      8.06  -6.89     4.72

DEGREE DAYS
 HEATING
  YESTERDAY        7                         8     -1        1
  MONTH TO DATE  121                       178    -57      122
  SINCE MAR 1    234                       498   -264      320
  SINCE JUL 1   1083                      2312  -1229     1752

 COOLING
  YESTERDAY        0                         0      0        0
  MONTH TO DATE    1                         0      1        3
  SINCE MAR 1     18                         1     17        4
  SINCE JAN 1     26                         1     25        6
..................................................................


WIND (MPH)
  RESULTANT WIND SPEED   7   RESULTANT WIND DIRECTION   W (280)
  HIGHEST WIND SPEED    16   HIGHEST WIND DIRECTION     W (290)
  HIGHEST GUST SPEED    21   HIGHEST GUST DIRECTION     W (270)
  AVERAGE WIND SPEED     7.1


SKY COVER
  POSSIBLE SUNSHINE  MM
  AVERAGE SKY COVER 1.0


WEATHER CONDITIONS
 THE FOLLOWING WEATHER WAS RECORDED YESTERDAY.
  NO SIGNIFICANT WEATHER WAS OBSERVED.


RELATIVE HUMIDITY (PERCENT)
 HIGHEST    77          1200 AM
 LOWEST     60           100 PM
 AVERAGE    69

..........................................................


THE SALINAS AIRPORT CLIMATE NORMALS FOR TODAY
                         NORMAL    RECORD    YEAR
 MAXIMUM TEMPERATURE (F)   68        99      2009
 MINIMUM TEMPERATURE (F)   47        33      1932


SUNRISE AND SUNSET
APRIL 21 2015.........SUNRISE   525 AM PST   SUNSET   646 PM PST
APRIL 22 2015.........SUNRISE   524 AM PST   SUNSET   647 PM PST


-  INDICATES NEGATIVE NUMBERS.
R  INDICATES RECORD WAS SET OR TIED.
MM INDICATES DATA IS MISSING.
T  INDICATES TRACE AMOUNT.




$$
