000
CDUS44 KOUN 030627 RRA
CLISPS

CLIMATE REPORT
NATIONAL WEATHER SERVICE NORMAN OK
126 AM CDT SUN MAY 3 2015


...................................

...THE WICHITA FALLS CLIMATE SUMMARY FOR MAY 2 2015...

CLIMATE NORMAL PERIOD 1981 TO 2010
CLIMATE RECORD PERIOD 1897 TO 2015


WEATHER ITEM   OBSERVED TIME   RECORD YEAR NORMAL DEPARTURE LAST
                VALUE   (LST)  VALUE       VALUE  FROM      YEAR
                                                  NORMAL
..................................................................
TEMPERATURE (F)
 YESTERDAY
  MAXIMUM         82    415 PM  96    1987  80      2       79
  MINIMUM         54    605 AM  38    2013  55     -1       43
  AVERAGE         68                        68      0       61

PRECIPITATION (IN)
  YESTERDAY        0.00          3.29 1990   0.11  -0.11     0.00
  MONTH TO DATE    0.00                      0.23  -0.23     0.00
  SINCE JAN 1      8.11                      7.93   0.18     4.02

SNOWFALL (IN)
  YESTERDAY        0.0                       0.0    0.0      0.0
  MONTH TO DATE    0.0                       0.0    0.0      0.0
  SINCE JUL 1      6.5                       3.9    2.6      5.0
  SNOW DEPTH       0

DEGREE DAYS
 HEATING
  YESTERDAY        0                         2     -2        4
  MONTH TO DATE    0                         4     -4       14
  SINCE JUL 1   2876                      2949    -73     3355

 COOLING
  YESTERDAY        3                         4     -1        0
  MONTH TO DATE    4                         8     -4        0
  SINCE JAN 1     84                       100    -16      106
..................................................................


WIND (MPH)
  HIGHEST WIND SPEED    20   HIGHEST WIND DIRECTION     S (180)
  HIGHEST GUST SPEED    25   HIGHEST GUST DIRECTION     S (200)
  AVERAGE WIND SPEED    10.2


SKY COVER
  AVERAGE SKY COVER 0.0


WEATHER CONDITIONS
 THE FOLLOWING WEATHER WAS RECORDED YESTERDAY.
  NO SIGNIFICANT WEATHER WAS OBSERVED.


RELATIVE HUMIDITY (PERCENT)
 HIGHEST    93           600 AM
 LOWEST     42           100 PM
 AVERAGE    68

..........................................................


THE WICHITA FALLS CLIMATE NORMALS FOR TODAY
                         NORMAL    RECORD    YEAR
 MAXIMUM TEMPERATURE (F)   80        97      2012
                                             1996
 MINIMUM TEMPERATURE (F)   55        36      2013
                                             1954


SUNRISE AND SUNSET
MAY  3 2015...........SUNRISE   643 AM CDT   SUNSET   819 PM CDT
MAY  4 2015...........SUNRISE   642 AM CDT   SUNSET   820 PM CDT


-  INDICATES NEGATIVE NUMBERS.
R  INDICATES RECORD WAS SET OR TIED.
MM INDICATES DATA IS MISSING.
T  INDICATES TRACE AMOUNT.




$$
