000
CDUS42 KTBW 040827
CLISRQ


CLIMATE REPORT
NATIONAL WEATHER SERVICE TAMPA BAY FL
425 AM EDT MON MAY 4 2015


...................................

...THE SARASOTA BRADENTON CLIMATE SUMMARY FOR MAY 3 2015...

CLIMATE NORMAL PERIOD 1981 TO 2010
CLIMATE RECORD PERIOD 1911 TO 2015


WEATHER ITEM   OBSERVED TIME   RECORD YEAR NORMAL DEPARTURE LAST
                VALUE   (LST)  VALUE       VALUE  FROM      YEAR
                                                  NORMAL
..................................................................
TEMPERATURE (F)
 YESTERDAY
  MAXIMUM         86    224 PM  95    1990  84      2       76
  MINIMUM         61    542 AM  46    1925  64     -3       65
  AVERAGE         74                        74      0       71

PRECIPITATION (IN)
  YESTERDAY        0.00          2.37 1923   0.06  -0.06     0.60
  MONTH TO DATE    0.00                      0.18  -0.18     3.98
  SINCE MAR 1      2.64                      6.48  -3.84    11.69
  SINCE JAN 1      7.52                     11.67  -4.15    15.31

DEGREE DAYS
 HEATING
  YESTERDAY        0                         0      0        0
  MONTH TO DATE    0                         0      0        0
  SINCE MAR 1     13                        59    -46       37
  SINCE JUL 1    470                       477     -7      345

 COOLING
  YESTERDAY        9                         9      0        6
  MONTH TO DATE   24                        27     -3       32
  SINCE MAR 1    580                       320    260      334
  SINCE JAN 1    649                       424    225      450
..................................................................


WIND (MPH)
  HIGHEST WIND SPEED    18   HIGHEST WIND DIRECTION     E (80)
  HIGHEST GUST SPEED    23   HIGHEST GUST DIRECTION     E (90)
  AVERAGE WIND SPEED    10.6


SKY COVER
  POSSIBLE SUNSHINE  MM
  AVERAGE SKY COVER 0.1


WEATHER CONDITIONS
 THE FOLLOWING WEATHER WAS RECORDED YESTERDAY.
  NO SIGNIFICANT WEATHER WAS OBSERVED.


RELATIVE HUMIDITY (PERCENT)
 HIGHEST    90           500 AM
 LOWEST     27           400 PM

..........................................................


THE SARASOTA BRADENTON CLIMATE NORMALS FOR TODAY
                         NORMAL    RECORD    YEAR
 MAXIMUM TEMPERATURE (F)   84        94      1991
 MINIMUM TEMPERATURE (F)   65        48      1929


SUNRISE AND SUNSET
MAY  4 2015...........SUNRISE   649 AM EDT   SUNSET   805 PM EDT
MAY  5 2015...........SUNRISE   648 AM EDT   SUNSET   806 PM EDT


-  INDICATES NEGATIVE NUMBERS.
R  INDICATES RECORD WAS SET OR TIED.
MM INDICATES DATA IS MISSING.
T  INDICATES TRACE AMOUNT.




$$


&&
------------------------------------------------------------------
******************** SUPPLEMENTAL DATA ***************************

...GULF WATER TEMPERATURE AT NEW PASS 77
