000
CDUS43 KEAX 250643
CLISTJ


CLIMATE REPORT
NATIONAL WEATHER SERVICE KANSAS CITY/PLEASANT HILL MO
140 AM CDT SAT APR 25 2015


...................................

...THE ST. JOSEPH MO CLIMATE SUMMARY FOR APRIL 24 2015...

CLIMATE NORMAL PERIOD 1981 TO 2010
CLIMATE RECORD PERIOD 1892 TO 2015


WEATHER ITEM   OBSERVED TIME   RECORD YEAR NORMAL DEPARTURE LAST
                VALUE   (LST)  VALUE       VALUE  FROM      YEAR
                                                  NORMAL
..................................................................
TEMPERATURE (F)
 YESTERDAY
  MAXIMUM         62    545 PM  92    1989  68     -6       68
  MINIMUM         54    519 AM  27    2013  45      9       42
                                      1967
  AVERAGE         58                        57      1       55

PRECIPITATION (IN)
  YESTERDAY        0.04          1.01 2014   0.16  -0.12     1.01
  MONTH TO DATE    2.26                      2.77  -0.51     3.38
  SINCE MAR 1      3.59                      5.02  -1.43     3.79
  SINCE JAN 1      5.34                      6.51  -1.17     4.61

DEGREE DAYS
 HEATING
  YESTERDAY        7                         9     -2       10
  MONTH TO DATE  221                       297    -76      330
  SINCE MAR 1    828                       982   -154     1156
  SINCE JUL 1   5352                      5290     62     6096

 COOLING
  YESTERDAY        0                         1     -1        0
  MONTH TO DATE    4                        17    -13        6
  SINCE MAR 1      5                        19    -14        6
  SINCE JAN 1      5                        19    -14        6
..................................................................


WIND (MPH)
  HIGHEST WIND SPEED    21   HIGHEST WIND DIRECTION     S (160)
  HIGHEST GUST SPEED    27   HIGHEST GUST DIRECTION     S (160)
  AVERAGE WIND SPEED    11.5


SKY COVER
  POSSIBLE SUNSHINE  MM
  AVERAGE SKY COVER 0.9


WEATHER CONDITIONS
 THE FOLLOWING WEATHER WAS RECORDED YESTERDAY.
  THUNDERSTORM
  RAIN
  LIGHT RAIN


RELATIVE HUMIDITY (PERCENT)
 HIGHEST    78           600 PM
 LOWEST     47          1200 AM
 AVERAGE    63

..........................................................


THE ST. JOSEPH MO CLIMATE NORMALS FOR TODAY
                         NORMAL    RECORD    YEAR
 MAXIMUM TEMPERATURE (F)   68        96      2012
 MINIMUM TEMPERATURE (F)   46        31      2013


SUNRISE AND SUNSET
APRIL 25 2015.........SUNRISE   628 AM CDT   SUNSET   808 PM CDT
APRIL 26 2015.........SUNRISE   627 AM CDT   SUNSET   809 PM CDT


-  INDICATES NEGATIVE NUMBERS.
R  INDICATES RECORD WAS SET OR TIED.
MM INDICATES DATA IS MISSING.
T  INDICATES TRACE AMOUNT.




$$
