000
CDUS41 KBGM 040551
CLISYR


CLIMATE REPORT
NATIONAL WEATHER SERVICE BINGHAMTON NY
151 AM EDT MON MAY 4 2015


...................................

...THE SYRACUSE NY CLIMATE SUMMARY FOR MAY 3 2015...

CLIMATE NORMAL PERIOD 1981 TO 2010
CLIMATE RECORD PERIOD 1902 TO 2015


WEATHER ITEM   OBSERVED TIME   RECORD YEAR NORMAL DEPARTURE LAST
                VALUE   (LST)  VALUE       VALUE  FROM      YEAR
                                                  NORMAL
..................................................................
TEMPERATURE (F)
 YESTERDAY
  MAXIMUM         78    415 PM  88    2001  65     13       62
                                      1944
  MINIMUM         44    500 AM  27    1911  43      1       49
  AVERAGE         61                        54      7       56

PRECIPITATION (IN)
  YESTERDAY        0.00          2.29 1954   0.10  -0.10     0.04
  MONTH TO DATE    0.00                      0.29  -0.29     0.13
  SINCE MAR 1      4.31                      6.43  -2.12     8.25
  SINCE JAN 1      8.19                     11.00  -2.81    13.80

SNOWFALL (IN)
  YESTERDAY        0.0           T    2002   0.0    0.0      0.0
                                      1976
  MONTH TO DATE    0.0                       0.0    0.0      0.0
  SINCE MAR 1     12.9                      21.8   -8.9     22.1
  SINCE JUL 1    119.7                     123.7   -4.0    132.0
  SNOW DEPTH       0

DEGREE DAYS
 HEATING
  YESTERDAY        4                        12     -8        9
  MONTH TO DATE   19                        36    -17       31
  SINCE MAR 1   1737                      1540    197     1804
  SINCE JUL 1   6961                      6371    590     6896

 COOLING
  YESTERDAY        0                         0      0        0
  MONTH TO DATE    0                         0      0        0
  SINCE MAR 1      0                         4     -4        1
  SINCE JAN 1      0                         4     -4        1
..................................................................


WIND (MPH)
  HIGHEST WIND SPEED    16   HIGHEST WIND DIRECTION     W (270)
  HIGHEST GUST SPEED    20   HIGHEST GUST DIRECTION     W (280)
  AVERAGE WIND SPEED     4.5


SKY COVER
  POSSIBLE SUNSHINE  MM
  AVERAGE SKY COVER 0.3


WEATHER CONDITIONS
 THE FOLLOWING WEATHER WAS RECORDED YESTERDAY.
  NO SIGNIFICANT WEATHER WAS OBSERVED.


RELATIVE HUMIDITY (PERCENT)
 HIGHEST    76           600 AM
 LOWEST     23           300 PM
 AVERAGE    50

..........................................................


THE SYRACUSE NY CLIMATE NORMALS FOR TODAY
                         NORMAL    RECORD    YEAR
 MAXIMUM TEMPERATURE (F)   65        88      2001
                                             1949
                                             1944
 MINIMUM TEMPERATURE (F)   43        27      1986


SUNRISE AND SUNSET
MAY  4 2015...........SUNRISE   554 AM EDT   SUNSET   809 PM EDT
MAY  5 2015...........SUNRISE   553 AM EDT   SUNSET   810 PM EDT


-  INDICATES NEGATIVE NUMBERS.
R  INDICATES RECORD WAS SET OR TIED.
MM INDICATES DATA IS MISSING.
T  INDICATES TRACE AMOUNT.




$$
