000
CDUS42 KTAE 040636
CLITLH


CLIMATE REPORT
NATIONAL WEATHER SERVICE TALLAHASSEE FL
236 AM EDT MON MAY 4 2015


...................................

...THE TALLAHASSEE CLIMATE SUMMARY FOR MAY 3 2015...

CLIMATE NORMAL PERIOD 1981 TO 2010
CLIMATE RECORD PERIOD 1896 TO 2015


WEATHER ITEM   OBSERVED TIME   RECORD YEAR NORMAL DEPARTURE LAST
                VALUE   (LST)  VALUE       VALUE  FROM      YEAR
                                                  NORMAL
..................................................................
TEMPERATURE (F)
 YESTERDAY
  MAXIMUM         86    420 PM  94    2002  84      2       79
                                      1938
  MINIMUM         52    605 AM  42    1971  57     -5       55
  AVERAGE         69                        71     -2       67

PRECIPITATION (IN)
  YESTERDAY        0.00          3.06 1994   0.08  -0.08      T
  MONTH TO DATE    0.00                      0.25  -0.25     0.19
  SINCE MAR 1      7.42                      9.25  -1.83    22.88
  SINCE JAN 1     16.61                     18.44  -1.83    30.93

SNOWFALL (IN)
  YESTERDAY        0.0                       0.0    0.0

DEGREE DAYS
 HEATING
  YESTERDAY        0                               -1
  MONTH TO DATE    0                               -3
  SINCE MAR 1     75                             -175
  SINCE JUL 1   1441                             -152

 COOLING
  YESTERDAY        4                               -2
  MONTH TO DATE    7                              -11
  SINCE MAR 1    402                              245
  SINCE JAN 1    409                              238
..................................................................


WIND (MPH)
  HIGHEST WIND SPEED    12   HIGHEST WIND DIRECTION     E (90)
  HIGHEST GUST SPEED    16   HIGHEST GUST DIRECTION     E (90)
  AVERAGE WIND SPEED     3.5




RELATIVE HUMIDITY (PERCENT)
 HIGHEST    89
 LOWEST     29
 AVERAGE    59

..........................................................


THE TALLAHASSEE CLIMATE NORMALS FOR TODAY
                         NORMAL    RECORD    YEAR
 MAXIMUM TEMPERATURE (F)   84        96      1930
 MINIMUM TEMPERATURE (F)   57        34      1971


SUNRISE AND SUNSET
MAY  4 2015...........SUNRISE   652 AM EDT   SUNSET   817 PM EDT
MAY  5 2015...........SUNRISE   651 AM EDT   SUNSET   818 PM EDT


-  INDICATES NEGATIVE NUMBERS.
R  INDICATES RECORD WAS SET OR TIED.
MM INDICATES DATA IS MISSING.
T  INDICATES TRACE AMOUNT.




$$
