000
CDUS44 KBMX 190712
CLITOI


CLIMATE REPORT
NATIONAL WEATHER SERVICE BIRMINGHAM, AL
212 AM CDT SUN APR 19 2015


...................................

...THE TROY CLIMATE SUMMARY FOR APRIL 18 2015...

CLIMATE NORMAL PERIOD 1981 TO 2010
CLIMATE RECORD PERIOD 9999 TO 9999


WEATHER ITEM   OBSERVED TIME   RECORD YEAR NORMAL DEPARTURE LAST
                VALUE   (LST)  VALUE       VALUE  FROM      YEAR
                                                  NORMAL
..................................................................
TEMPERATURE (F)
 YESTERDAY
  MAXIMUM         75    338 PM  MM      MM  77     -2       61
  MINIMUM         62    542 AM  MM      MM  50     12       54
  AVERAGE         69                        64      5       58

PRECIPITATION (IN)
  YESTERDAY        0.01                      0.13  -0.12     1.84
  MONTH TO DATE    5.24                      2.79   2.45     8.79
  SINCE MAR 1      7.82                      8.82  -1.00    14.48
  SINCE JAN 1     14.73                     17.95  -3.22    23.54

SNOWFALL (IN)
  YESTERDAY        0.0                      MM     MM        0.0
  MONTH TO DATE    0.0                      MM     MM        0.0
  SINCE MAR 1      0.0                      MM     MM        0.0
  SINCE JUL 1      0.0                      MM     MM        0.3
  SNOW DEPTH       0

DEGREE DAYS
 HEATING
  YESTERDAY        0                         3     -3        7
  MONTH TO DATE   13                        86    -73       73
  SINCE MAR 1    159                       368   -209      370
  SINCE JUL 1   2160                      2287   -127     2310

 COOLING
  YESTERDAY        4                         2      2        0
  MONTH TO DATE  102                        27     75       23
  SINCE MAR 1    162                        41    121       24
  SINCE JAN 1    164                        46    118       35
..................................................................


WIND (MPH)
  HIGHEST WIND SPEED    12   HIGHEST WIND DIRECTION    SE (140)
  HIGHEST GUST SPEED    16   HIGHEST GUST DIRECTION    SE (150)
  AVERAGE WIND SPEED     1.4


SKY COVER
  AVERAGE SKY COVER 0.9


WEATHER CONDITIONS
 THE FOLLOWING WEATHER WAS RECORDED YESTERDAY.
  LIGHT RAIN
  FOG
  FOG W/VISIBILITY <= 1/4 MILE
  HAZE


RELATIVE HUMIDITY (PERCENT)
 HIGHEST   100          1200 AM
 LOWEST     84          1200 PM
 AVERAGE    92

..........................................................


THE TROY CLIMATE NORMALS FOR TODAY
                         NORMAL    RECORD    YEAR
 MAXIMUM TEMPERATURE (F)   77        MM        MM
 MINIMUM TEMPERATURE (F)   51        MM        MM


SUNRISE AND SUNSET
APRIL 19 2015.........SUNRISE   611 AM CDT   SUNSET   716 PM CDT
APRIL 20 2015.........SUNRISE   610 AM CDT   SUNSET   716 PM CDT


-  INDICATES NEGATIVE NUMBERS.
R  INDICATES RECORD WAS SET OR TIED.
MM INDICATES DATA IS MISSING.
T  INDICATES TRACE AMOUNT.




$$
