000
CDUS42 KTBW 260828
CLITPA


CLIMATE REPORT
NATIONAL WEATHER SERVICE TAMPA BAY FL
426 AM EDT SUN APR 26 2015


...................................

...THE TAMPA CLIMATE SUMMARY FOR APRIL 25 2015...

CLIMATE NORMAL PERIOD 1981 TO 2010
CLIMATE RECORD PERIOD 1890 TO 2015


WEATHER ITEM   OBSERVED TIME   RECORD YEAR NORMAL DEPARTURE LAST
                VALUE   (LST)  VALUE       VALUE  FROM      YEAR
                                                  NORMAL
..................................................................
TEMPERATURE (F)
 YESTERDAY
  MAXIMUM         87    224 PM  93    1958  83      4       83
  MINIMUM         73    412 AM  52    2005  65      8       67
                                      1903
  AVERAGE         80                        74      6       75

PRECIPITATION (IN)
  YESTERDAY        0.00          3.45 2003   0.06  -0.06     0.00
  MONTH TO DATE    3.87                      1.75   2.12     0.89
  SINCE MAR 1      4.90                      4.78   0.12     5.84
  SINCE JAN 1     13.20                      9.82   3.38    10.79

DEGREE DAYS
 HEATING
  YESTERDAY        0                         0      0        0
  MONTH TO DATE    0                         9     -9        0
  SINCE MAR 1     12                        65    -53       48
  SINCE JUL 1    467                       536    -69      444

 COOLING
  YESTERDAY       15                         9      6       10
  MONTH TO DATE  333                       173    160      161
  SINCE MAR 1    599                       299    300      239
  SINCE JAN 1    666                       412    254      343
..................................................................


WIND (MPH)
  RESULTANT WIND SPEED   7   RESULTANT WIND DIRECTION  SW (210)
  HIGHEST WIND SPEED    16   HIGHEST WIND DIRECTION    SW (230)
  HIGHEST GUST SPEED    21   HIGHEST GUST DIRECTION    SW (210)
  AVERAGE WIND SPEED    10.0


SKY COVER
  POSSIBLE SUNSHINE  MM
  AVERAGE SKY COVER 0.2


WEATHER CONDITIONS
 THE FOLLOWING WEATHER WAS RECORDED YESTERDAY.
  NO SIGNIFICANT WEATHER WAS OBSERVED.


RELATIVE HUMIDITY (PERCENT)
 HIGHEST    91          1100 PM
 LOWEST     57           200 PM
 AVERAGE    74

..........................................................


THE TAMPA CLIMATE NORMALS FOR TODAY
                         NORMAL    RECORD    YEAR
 MAXIMUM TEMPERATURE (F)   83        92      1991
                                             1964
 MINIMUM TEMPERATURE (F)   65        50      1983
                                             1974
                                             1910


SUNRISE AND SUNSET
APRIL 26 2015.........SUNRISE   655 AM EDT   SUNSET   801 PM EDT
APRIL 27 2015.........SUNRISE   654 AM EDT   SUNSET   802 PM EDT


-  INDICATES NEGATIVE NUMBERS.
R  INDICATES RECORD WAS SET OR TIED.
MM INDICATES DATA IS MISSING.
T  INDICATES TRACE AMOUNT.




$$


&&
------------------------------------------------------------------
******************** SUPPLEMENTAL DATA ***************************

...RUSKIN                HIGH 87    LOW 69    PCPN 0.00
...SARASOTA/BRADENTON    HIGH 86    LOW 70    PCPN 0.00
...ST. PETERSBURG        HIGH 84    LOW 74    PCPN 0.00
...GULF WATER TEMPERATURE AT CLEARWATER BEACH 83
