000
CDUS45 KLKN 210028
CLITPH


CLIMATE REPORT
NATIONAL WEATHER SERVICE ELKO NV
527 PM PDT MON APR 20 2015


...................................

...THE TONOPAH AIRPORT NV CLIMATE SUMMARY FOR APRIL 20 2015...
VALID TODAY AS OF 0500 PM LOCAL TIME.

CLIMATE NORMAL PERIOD 1981 TO 2010
CLIMATE RECORD PERIOD 1954 TO 2015


WEATHER ITEM   OBSERVED TIME   RECORD YEAR NORMAL DEPARTURE LAST
                VALUE   (LST)  VALUE       VALUE  FROM      YEAR
                                                  NORMAL
..................................................................
TEMPERATURE (F)
 TODAY
  MAXIMUM         75    241 PM  83    1994  66      9       74
  MINIMUM         39    524 AM  16    1966  36      3       50
  AVERAGE         57                        51      6       62

PRECIPITATION (IN)
  TODAY            0.00          0.37 1990   0.01  -0.01     0.00
  MONTH TO DATE    T                         0.29  -0.29     0.01
  SINCE OCT 1      0.92                      2.96  -2.04     1.16
  SINCE JAN 1      0.44                      1.87  -1.43     0.70

DEGREE DAYS
 HEATING
  TODAY            8                        14     -6        3
  MONTH TO DATE  328                       339    -11      247
  SINCE MAR 1    781                      1024   -243      861
  SINCE JUL 1   3903                      5066  -1163     4634

 COOLING
  TODAY            0                         0      0        0
  MONTH TO DATE    0                         0      0        0
  SINCE MAR 1      0                         0      0        0
  SINCE JAN 1      0                         0      0        0
..................................................................


WIND (MPH)
  HIGHEST WIND SPEED    16   HIGHEST WIND DIRECTION     W (280)
  HIGHEST GUST SPEED    20   HIGHEST GUST DIRECTION    NW (330)



WEATHER CONDITIONS
 THE FOLLOWING WEATHER WAS RECORDED TODAY.
  NO SIGNIFICANT WEATHER WAS OBSERVED.


RELATIVE HUMIDITY (PERCENT)
 HIGHEST    22           500 AM
 LOWEST      6           100 PM
 AVERAGE    14

..........................................................


THE TONOPAH AIRPORT NV CLIMATE NORMALS FOR TOMORROW
                         NORMAL    RECORD    YEAR
 MAXIMUM TEMPERATURE (F)   66        83      2012
 MINIMUM TEMPERATURE (F)   36        21      1982


SUNRISE AND SUNSET
APRIL 20 2015.........SUNRISE   606 AM PDT   SUNSET   729 PM PDT
APRIL 21 2015.........SUNRISE   605 AM PDT   SUNSET   730 PM PDT


-  INDICATES NEGATIVE NUMBERS.
R  INDICATES RECORD WAS SET OR TIED.
MM INDICATES DATA IS MISSING.
T  INDICATES TRACE AMOUNT.




$$
