000
CDUS41 KPHI 180626
CLITTN


CLIMATE REPORT
NATIONAL WEATHER SERVICE MOUNT HOLLY NJ
226 AM EDT SAT APR 18 2015


...................................

...THE TRENTON NJ CLIMATE SUMMARY FOR APRIL 17 2015...

CLIMATE NORMAL PERIOD 1981 TO 2010
CLIMATE RECORD PERIOD 1865 TO 2015


WEATHER ITEM   OBSERVED TIME   RECORD YEAR NORMAL DEPARTURE LAST
                VALUE   (LST)  VALUE       VALUE  FROM      YEAR
                                                  NORMAL
..................................................................
TEMPERATURE (F)
 YESTERDAY
  MAXIMUM         72    512 PM  93    2002  62     10       49
  MINIMUM         53    609 AM  29    1908  42     11       32
  AVERAGE         63                        52     11       41

PRECIPITATION (IN)
  YESTERDAY        0.06          1.37 1954   0.11  -0.05     0.00
  MONTH TO DATE    0.33                      2.19  -1.86     1.40
  SINCE MAR 1      4.67                      6.33  -1.66     4.73
  SINCE JAN 1     11.26                     11.80  -0.54    12.39

SNOWFALL (IN)
  YESTERDAY       MM            MM      MM  MM     MM       MM
  MONTH TO DATE   MM                        MM     MM       MM
  SINCE MAR 1     MM                        MM     MM       MM
  SINCE JUL 1     MM                        MM     MM       MM
  SNOW DEPTH      MM

DEGREE DAYS
 HEATING
  YESTERDAY        2                        13    -11       24
  MONTH TO DATE  210                       272    -62      234
  SINCE MAR 1   1088                      1004     84     1107
  SINCE JUL 1   5171                      4818    353     5193

 COOLING
  YESTERDAY        0                         0      0        0
  MONTH TO DATE    0                         0      0        6
  SINCE MAR 1      0                         0      0        6
  SINCE JAN 1      0                         0      0        6
..................................................................


WIND (MPH)
  HIGHEST WIND SPEED    13   HIGHEST WIND DIRECTION    NW (300)
  HIGHEST GUST SPEED    24   HIGHEST GUST DIRECTION     N (350)
  AVERAGE WIND SPEED     6.7


SKY COVER
  POSSIBLE SUNSHINE  MM
  AVERAGE SKY COVER 0.9


WEATHER CONDITIONS
 THE FOLLOWING WEATHER WAS RECORDED YESTERDAY.
  LIGHT RAIN
  FOG


RELATIVE HUMIDITY (PERCENT)
 HIGHEST    93           800 AM
 LOWEST     53           500 PM
 AVERAGE    73

..........................................................


THE TRENTON NJ CLIMATE NORMALS FOR TODAY
                         NORMAL    RECORD    YEAR
 MAXIMUM TEMPERATURE (F)   62        93      1976
 MINIMUM TEMPERATURE (F)   42        29      1875


SUNRISE AND SUNSET
APRIL 18 2015.........SUNRISE   617 AM EDT   SUNSET   741 PM EDT
APRIL 19 2015.........SUNRISE   616 AM EDT   SUNSET   742 PM EDT


-  INDICATES NEGATIVE NUMBERS.
R  INDICATES RECORD WAS SET OR TIED.
MM INDICATES DATA IS MISSING.
T  INDICATES TRACE AMOUNT.




$$
