000
CDUS45 KTWC 180730
CLITUS

CLIMATE REPORT
NATIONAL WEATHER SERVICE TUCSON AZ
1229 AM MST SAT APR 18 2015


...................................

...THE TUCSON AZ CLIMATE SUMMARY FOR APRIL 17 2015...

CLIMATE NORMAL PERIOD 1981 TO 2010
CLIMATE RECORD PERIOD 1895 TO 2015


WEATHER ITEM   OBSERVED TIME   RECORD YEAR NORMAL DEPARTURE LAST
                VALUE   (LST)  VALUE       VALUE  FROM      YEAR
                                                  NORMAL
..................................................................
TEMPERATURE (F)
 YESTERDAY
  MAXIMUM         76    402 PM  97    1987  83     -7       91
                                      1948
  MINIMUM         44    610 AM  30    1924  52     -8       59
  AVERAGE         60                        67     -7       75

PRECIPITATION (IN)
  YESTERDAY        0.00          0.44 1970   0.01  -0.01     0.00
  MONTH TO DATE    T                         0.23  -0.23     0.00
  SINCE OCT 1      6.95                      5.15   1.80     3.64
  SINCE JAN 1      3.45                      2.76   0.69     0.59

DEGREE DAYS
 HEATING
  YESTERDAY        5                         2      3        0
  MONTH TO DATE   11                        45    -34       21
  SINCE MAR 1     58                       224   -166       63
  SINCE JUL 1    900                      1491   -591      896

 COOLING
  YESTERDAY        0                         4     -4       10
  MONTH TO DATE   72                        49     23       83
  SINCE MAR 1    165                        78     87      113
  SINCE JAN 1    173                        82     91      137
..................................................................


WIND (MPH)
  HIGHEST WIND SPEED    17   HIGHEST WIND DIRECTION    NW (330)
  HIGHEST GUST SPEED    23   HIGHEST GUST DIRECTION     N (340)
  AVERAGE WIND SPEED     7.4


SKY COVER
  POSSIBLE SUNSHINE  MM
  AVERAGE SKY COVER 0.0


WEATHER CONDITIONS
 THE FOLLOWING WEATHER WAS RECORDED YESTERDAY.
  NO SIGNIFICANT WEATHER WAS OBSERVED.


RELATIVE HUMIDITY (PERCENT)
 HIGHEST    28
 LOWEST      9
 AVERAGE    19

..........................................................


THE TUCSON AZ CLIMATE NORMALS FOR TODAY
                         NORMAL    RECORD    YEAR
 MAXIMUM TEMPERATURE (F)   83        98      1989
 MINIMUM TEMPERATURE (F)   53        31      1896


SUNRISE AND SUNSET
APRIL 18 2015.........SUNRISE   552 AM MST   SUNSET   655 PM MST
APRIL 19 2015.........SUNRISE   550 AM MST   SUNSET   656 PM MST


-  INDICATES NEGATIVE NUMBERS.
R  INDICATES RECORD WAS SET OR TIED.
MM INDICATES DATA IS MISSING.
T  INDICATES TRACE AMOUNT.




$$
