000
CDUS44 KMRX 262120
CLITYS

CLIMATE REPORT NATIONAL WEATHER SERVICE MORRISTOWN TN
520 PM EDT SUN APR 26 2015

...................................

...THE KNOXVILLE CLIMATE SUMMARY FOR APRIL 26 2015... VALID TODAY AS
OF 500 PM LOCAL TIME.

CLIMATE NORMAL PERIOD 1981 TO 2010
CLIMATE RECORD PERIOD 1871 TO 2015


WEATHER ITEM   OBSERVED TIME   RECORD YEAR NORMAL DEPARTURE LAST
                VALUE   (LST)  VALUE       VALUE  FROM      YEAR
                                                  NORMAL
..................................................................
TEMPERATURE (F)
 TODAY
  MAXIMUM         68   1238 PM  89    1986  73     -5       80
  MINIMUM         57    556 AM  34    1873  50      7       45
  AVERAGE         63                        62      1       63

PRECIPITATION (IN)
  TODAY            0.01          1.45 1973   0.14  -0.13     0.00
  MONTH TO DATE    4.06                      3.46   0.60     2.72
  SINCE MAR 1      8.50                      7.80   0.70     5.14
  SINCE JAN 1     15.64                     16.38  -0.74    13.21

SNOWFALL (IN)
  TODAY            0.0                       0.0    0.0      0.0
  MONTH TO DATE    0.0                       0.5   -0.5       T
  SINCE MAR 1      T                         1.4   -1.4      0.5
  SINCE JUL 1      9.3                       6.5    2.8     12.4
  SNOW DEPTH       0

DEGREE DAYS
 HEATING
  TODAY            2                         5     -3        2
  MONTH TO DATE  100                       202   -102      156
  SINCE MAR 1    514                       663   -149      689
  SINCE JUL 1   3779                      3559    220     3736

 COOLING
  TODAY            0                         2     -2        0
  MONTH TO DATE   23                        25     -2       14
  SINCE MAR 1     25                        30     -5       14
  SINCE JAN 1     25                        30     -5       14
..................................................................


WIND (MPH)
  HIGHEST WIND SPEED    18   HIGHEST WIND DIRECTION     W (260)
  HIGHEST GUST SPEED    24   HIGHEST GUST DIRECTION     W (260)
  AVERAGE WIND SPEED    10.4


SKY COVER
  POSSIBLE SUNSHINE  MM
  AVERAGE SKY COVER 0.8


WEATHER CONDITIONS
 THE FOLLOWING WEATHER WAS RECORDED TODAY.
  THUNDERSTORM
  LIGHT RAIN


RELATIVE HUMIDITY (PERCENT)
 HIGHEST    93           600 AM
 LOWEST     63           100 PM
 AVERAGE    78

..........................................................


THE KNOXVILLE    ASOS CLIMATE NORMALS FOR TOMORROW
                         NORMAL    RECORD    YEAR
 MAXIMUM TEMPERATURE (F)   73        91      1986
 MINIMUM TEMPERATURE (F)   51        34      1976


SUNRISE AND SUNSET
APRIL 26 2015.........SUNRISE   650 AM EDT   SUNSET   818 PM EDT
APRIL 27 2015.........SUNRISE   648 AM EDT   SUNSET   819 PM EDT


-  INDICATES NEGATIVE NUMBERS.
R  INDICATES RECORD WAS SET OR TIED.
MM INDICATES DATA IS MISSING.
T  INDICATES TRACE AMOUNT.




$$
