000
CDUS43 KUNR 260832
CLIUNR


CLIMATE REPORT
NATIONAL WEATHER SERVICE RAPID CITY SD
231 AM MDT SUN APR 26 2015


...................................

...THE EAST RAPID CITY SD CLIMATE SUMMARY FOR APRIL 25 2015...

CLIMATE NORMAL PERIOD 1981 TO 2010
CLIMATE RECORD PERIOD 1888 TO 2015


WEATHER ITEM   OBSERVED RECORD YEAR NORMAL DEPARTURE LAST
                VALUE   VALUE       VALUE  FROM      YEAR
                                           NORMAL
...........................................................
TEMPERATURE (F)
 YESTERDAY
  MAXIMUM         51     85    1901  59     -8       69
  MINIMUM         42     21    1950  38      4       45
  AVERAGE         47                 48     -1       57

PRECIPITATION (IN)
  YESTERDAY        0.04   1.38 1999   0.08  -0.04     0.00
  MONTH TO DATE    0.72               1.62  -0.90     0.68
  SINCE MAR 1      0.82               2.61  -1.79     1.81
  SINCE JAN 1      1.37               3.38  -2.01     2.32

SNOWFALL (IN)
  YESTERDAY        0.0    3.0  1958   0.2   -0.2      0.0
  MONTH TO DATE    T                  7.8   -7.8      7.8
  SINCE MAR 1      1.4               19.6  -18.2     22.2
  SINCE JUL 1     37.1               46.3   -9.2     72.3
  SNOW DEPTH       0

DEGREE DAYS
 HEATING
  YESTERDAY       18                 17      1        8
  MONTH TO DATE  441                526    -85      493
  SINCE MAR 1   1066               1434   -368     1513
  SINCE JUL 1   5762               6388   -626     6861

 COOLING
  YESTERDAY        0                  0      0        0
  MONTH TO DATE    0                  0      0        0
  SINCE MAR 1      6                  0      6        0
  SINCE JAN 1      6                  0      6        0
...........................................................


WIND (MPH)
  HIGHEST GUST SPEED    22   HIGHEST GUST DIRECTION    SE (140)



WEATHER CONDITIONS
 THE FOLLOWING WEATHER WAS RECORDED YESTERDAY.
  LIGHT RAIN
  FOG


..........................................................


THE EAST RAPID CITY SD CLIMATE NORMALS FOR TODAY
                         NORMAL    RECORD    YEAR
 MAXIMUM TEMPERATURE (F)   60        88      1952
 MINIMUM TEMPERATURE (F)   38        21      1950


SUNRISE AND SUNSET
APRIL 26 2015.........SUNRISE   552 AM MDT   SUNSET   750 PM MDT
APRIL 27 2015.........SUNRISE   551 AM MDT   SUNSET   751 PM MDT


-  INDICATES NEGATIVE NUMBERS.
R  INDICATES RECORD WAS SET OR TIED.
MM INDICATES DATA IS MISSING.
T  INDICATES TRACE AMOUNT.




$$
