000
CDUS42 KTAE 030643
CLIVLD


CLIMATE REPORT
NATIONAL WEATHER SERVICE TALLAHASSEE FL
242 AM EDT SUN MAY 3 2015


...................................

...THE VALDOSTA CLIMATE SUMMARY FOR MAY 2 2015...

CLIMATE NORMAL PERIOD 1981 TO 2010
CLIMATE RECORD PERIOD 1948 TO 2015


WEATHER ITEM   OBSERVED TIME   NORMAL DEPARTURE LAST
                VALUE   (LST)  VALUE  FROM      YEAR
                                      NORMAL
......................................................
TEMPERATURE (F)
 YESTERDAY
  MAXIMUM         80    426 PM  84     -4       70
  MINIMUM         48    607 AM  57     -9       61
  AVERAGE         64            70     -6       66

PRECIPITATION (IN)
  YESTERDAY        0.00          0.05  -0.05     0.02
  MONTH TO DATE    0.00          0.10  -0.10     0.52
  SINCE MAR 1      7.34          7.84  -0.50    13.57
  SINCE JAN 1     16.50         16.57  -0.07    19.71

DEGREE DAYS
 HEATING
  YESTERDAY        1             1      0        0
  MONTH TO DATE    2             2      0        0
  SINCE MAR 1     98           254   -156      187
  SINCE JUL 1   1582          1634    -52     1238

 COOLING
  YESTERDAY        0             6     -6        1
  MONTH TO DATE    0            11    -11        3
  SINCE MAR 1    297           136    161      209
  SINCE JAN 1    301           146    155      241
......................................................


WIND (MPH)
  HIGHEST WIND SPEED    10   HIGHEST WIND DIRECTION     S (160)
  HIGHEST GUST SPEED    15   HIGHEST GUST DIRECTION    NE (40)
  AVERAGE WIND SPEED     2.2




RELATIVE HUMIDITY (PERCENT)
 HIGHEST    93
 LOWEST     30
 AVERAGE    62

..........................................................




SUNRISE AND SUNSET
MAY  3 2015...........SUNRISE   648 AM EDT   SUNSET   813 PM EDT
MAY  4 2015...........SUNRISE   647 AM EDT   SUNSET   814 PM EDT


-  INDICATES NEGATIVE NUMBERS.
R  INDICATES RECORD WAS SET OR TIED.
MM INDICATES DATA IS MISSING.
T  INDICATES TRACE AMOUNT.




$$
