000
CDUS42 KMLB 040635
CLIVRB


CLIMATE REPORT
NATIONAL WEATHER SERVICE MELBOURNE FL
235 AM EDT MON MAY 4 2015


...................................

...THE VERO BEACH CLIMATE SUMMARY FOR MAY 3 2015...

CLIMATE NORMAL PERIOD 1981 TO 2010
CLIMATE RECORD PERIOD 1942 TO 2015


WEATHER ITEM   OBSERVED TIME   RECORD YEAR NORMAL DEPARTURE LAST
                VALUE   (LST)  VALUE       VALUE  FROM      YEAR
                                                  NORMAL
..................................................................
TEMPERATURE (F)
 YESTERDAY
  MAXIMUM         82    228 PM  94    1997  83     -1       81
  MINIMUM         59    611 AM  53    2006  65     -6       68
  AVERAGE         71                        74     -3       75

PRECIPITATION (IN)
  YESTERDAY        0.00          2.22 2001   0.08  -0.08     1.01
  MONTH TO DATE    0.00                      0.23  -0.23     1.56
  SINCE MAR 1      7.10                      7.07   0.03     5.53
  SINCE JAN 1     10.73                     12.24  -1.51    12.08

SNOWFALL (IN)
  YESTERDAY        0.0
  MONTH TO DATE    0.0
  SINCE JUL 1      0.0

DEGREE DAYS
 HEATING
  YESTERDAY        0                         0      0        0
  MONTH TO DATE    0                         0      0        0
  SINCE MAR 1     12                        70    -58       33
  SINCE JUL 1    384                       455    -71      268

 COOLING
  YESTERDAY        6                         9     -3       10
  MONTH TO DATE   21                        26     -5       40
  SINCE MAR 1    629                       345    284      390
  SINCE JAN 1    754                       484    270      598
..................................................................


WIND (MPH)
  HIGHEST WIND SPEED    17   HIGHEST WIND DIRECTION     E (90)
  HIGHEST GUST SPEED    22   HIGHEST GUST DIRECTION     E (90)
  AVERAGE WIND SPEED     9.3


SKY COVER
  AVERAGE SKY COVER 0.2


WEATHER CONDITIONS
 THE FOLLOWING WEATHER WAS RECORDED YESTERDAY.
  NO SIGNIFICANT WEATHER WAS OBSERVED.


RELATIVE HUMIDITY (PERCENT)
 HIGHEST    80           600 AM
 LOWEST     36           800 AM
 AVERAGE    58

..........................................................


THE VERO BEACH CLIMATE NORMALS FOR TODAY
                         NORMAL    RECORD    YEAR
 MAXIMUM TEMPERATURE (F)   83        93      1994
                                             1984
                                             1975
 MINIMUM TEMPERATURE (F)   65        51      1999
                                             1971


SUNRISE AND SUNSET
MAY  4 2015...........SUNRISE   640 AM EDT   SUNSET   757 PM EDT
MAY  5 2015...........SUNRISE   639 AM EDT   SUNSET   758 PM EDT


-  INDICATES NEGATIVE NUMBERS.
R  INDICATES RECORD WAS SET OR TIED.
MM INDICATES DATA IS MISSING.
T  INDICATES TRACE AMOUNT.




$$
