000
CDUS43 KLBF 250937
CLIVTN

CLIMATE REPORT
NATIONAL WEATHER SERVICE NORTH PLATTE
435 AM CDT SAT APR 25 2015


...................................

...THE VALENTINE NE CLIMATE SUMMARY FOR APRIL 24 2015...

CLIMATE NORMAL PERIOD 1981 TO 2010
CLIMATE RECORD PERIOD 1885 TO 2015


WEATHER ITEM   OBSERVED TIME   RECORD YEAR NORMAL DEPARTURE LAST
                VALUE   (LST)  VALUE       VALUE  FROM      YEAR
                                                  NORMAL
..................................................................
TEMPERATURE (F)
 YESTERDAY
  MAXIMUM         79    313 PM  91    1962  64     15       69
  MINIMUM         48    556 AM  22    2013  36     12       40
                                      1972
  AVERAGE         64                        50     14       55

PRECIPITATION (IN)
  YESTERDAY        T             2.05 1935   0.09  -0.09     0.00
  MONTH TO DATE    1.60                      1.68  -0.08     0.51
  SINCE MAR 1      1.63                      2.75  -1.12     1.00
  SINCE JAN 1      2.25                      3.49  -1.24     1.66

SNOWFALL (IN)
  YESTERDAY        0.0           6.0  2006   0.1   -0.1      0.0
  MONTH TO DATE    0.3                       4.1   -3.8      3.3
  SINCE MAR 1      0.8                      10.6   -9.8      8.3
  SINCE JUL 1     22.5                      32.7  -10.2     34.8
  SNOW DEPTH       0

DEGREE DAYS
 HEATING
  YESTERDAY        1                        15    -14       10
  MONTH TO DATE  380                       470    -90      428
  SINCE MAR 1   1067                      1363   -296     1397
  SINCE JUL 1   6193                      6599   -406     6875

 COOLING
  YESTERDAY        0                         0      0        0
  MONTH TO DATE    0                         0      0        0
  SINCE MAR 1      2                         0      2        0
  SINCE JAN 1      2                         0      2        0
..................................................................


WIND (MPH)
  HIGHEST WIND SPEED    25   HIGHEST WIND DIRECTION     N (340)
  HIGHEST GUST SPEED    35   HIGHEST GUST DIRECTION     N (340)
  AVERAGE WIND SPEED    10.3


SKY COVER
  POSSIBLE SUNSHINE  MM
  AVERAGE SKY COVER 0.3


WEATHER CONDITIONS
 THE FOLLOWING WEATHER WAS RECORDED YESTERDAY.
  THUNDERSTORM
  LIGHT RAIN


RELATIVE HUMIDITY (PERCENT)
 HIGHEST    86           700 AM
 LOWEST     22           300 PM
 AVERAGE    54

..........................................................


THE VALENTINE NE CLIMATE NORMALS FOR TODAY
                         NORMAL    RECORD    YEAR
 MAXIMUM TEMPERATURE (F)   64        93      1962
 MINIMUM TEMPERATURE (F)   37        21      1958


SUNRISE AND SUNSET
APRIL 25 2015.........SUNRISE   645 AM CDT   SUNSET   836 PM CDT
APRIL 26 2015.........SUNRISE   644 AM CDT   SUNSET   837 PM CDT


-  INDICATES NEGATIVE NUMBERS.
R  INDICATES RECORD WAS SET OR TIED.
MM INDICATES DATA IS MISSING.
T  INDICATES TRACE AMOUNT.

$$
