000
CDUS46 KPQR 260223
CLIVUO


CLIMATE REPORT
NATIONAL WEATHER SERVICE PORTLAND OREGON
723 PM PDT SAT APR 25 2015


...................................

...THE VANCOUVER WA CLIMATE SUMMARY FOR APRIL 25 2015...
VALID TODAY AS OF 0700 PM LOCAL TIME.

CLIMATE NORMAL PERIOD 1981 TO 2010
CLIMATE RECORD PERIOD 1891 TO 2015


WEATHER ITEM   OBSERVED TIME   RECORD YEAR NORMAL DEPARTURE LAST
                VALUE   (LST)  VALUE       VALUE  FROM      YEAR
                                                  NORMAL
..................................................................
TEMPERATURE (F)
 TODAY
  MAXIMUM         62    415 PM  82    2001  63     -1       56
  MINIMUM         39    554 AM  29    1982  44     -5       41
  AVERAGE         51                        53     -2       49

PRECIPITATION (IN)
  TODAY            0.08                      0.10  -0.02      T
  MONTH TO DATE    1.74                      2.58  -0.84     2.77
  SINCE OCT 1     28.83                     31.43  -2.60    21.65
  SINCE JAN 1     13.94                     15.68  -1.74    16.18

DEGREE DAYS
 HEATING
  TODAY           14                                        16
  MONTH TO DATE  358                                       313
  SINCE MAR 1    790                                       832
  SINCE JUL 1   3442                                      4295

 COOLING
  TODAY            0                                         0
  MONTH TO DATE    0                                         0
  SINCE MAR 1      0                                         0
  SINCE JAN 1      0                                         0
..................................................................


WIND (MPH)
  HIGHEST WIND SPEED     9   HIGHEST WIND DIRECTION    NW (300)
  HIGHEST GUST SPEED    13   HIGHEST GUST DIRECTION    NW (300)
  AVERAGE WIND SPEED     3.5


SKY COVER
  POSSIBLE SUNSHINE  MM
  AVERAGE SKY COVER 0.5


WEATHER CONDITIONS
 THE FOLLOWING WEATHER WAS RECORDED TODAY.
  LIGHT RAIN
  FOG


RELATIVE HUMIDITY (PERCENT)
 HIGHEST    93           200 AM
 LOWEST     32           300 PM
 AVERAGE    63

..........................................................


THE VANCOUVER WA CLIMATE NORMALS FOR TOMORROW
                         NORMAL    RECORD    YEAR
 MAXIMUM TEMPERATURE (F)   64        86      2004
 MINIMUM TEMPERATURE (F)   44        28      1984


SUNRISE AND SUNSET
APRIL 25 2015.........SUNRISE   608 AM PDT   SUNSET   810 PM PDT
APRIL 26 2015.........SUNRISE   606 AM PDT   SUNSET   811 PM PDT


-  INDICATES NEGATIVE NUMBERS.
R  INDICATES RECORD WAS SET OR TIED.
MM INDICATES DATA IS MISSING.
T  INDICATES TRACE AMOUNT.




$$
