000
CDUS41 KAKQ 280534
CLIWAL


CLIMATE REPORT
NATIONAL WEATHER SERVICE WAKEFIELD, VA
133 AM EDT TUE APR 28 2015


...................................

...THE WALLOPS ISLAND VA CLIMATE SUMMARY FOR APRIL 27 2015...

CLIMATE NORMAL PERIOD 1981 TO 2010
CLIMATE RECORD PERIOD 1963 TO 2015


WEATHER ITEM   OBSERVED TIME   RECORD YEAR NORMAL DEPARTURE
                VALUE   (LST)  VALUE       VALUE  FROM
                                                  NORMAL
...............................................................
TEMPERATURE (F)
 YESTERDAY
  MAXIMUM         63   1241 PM  89    2009  66     -3
  MINIMUM         40    125 AM  37    2001  48     -8
  AVERAGE         52                        57     -5

PRECIPITATION (IN)
  YESTERDAY        0.00          0.87        0.09  -0.09
  MONTH TO DATE    3.60                      2.81   0.79
  SINCE MAR 1      6.98                      6.81   0.17
  SINCE JAN 1     14.77                     12.61   2.16

SNOWFALL (IN)
  YESTERDAY        0.0           0.0    MM   0.0    0.0
  MONTH TO DATE    0.0                       0.1   -0.1
  SINCE NOV 1     11.3                       7.9    3.4
  SINCE JUL 1     11.3                       7.9    3.4

DEGREE DAYS
 HEATING
  YESTERDAY       13                                5
  MONTH TO DATE  288                              -32
  SINCE MAR 1    989                               50
  SINCE JUL 1   4319                              300

 COOLING
  YESTERDAY        0                               -1
  MONTH TO DATE    0                               -5
  SINCE MAR 1      0                               -6
  SINCE JAN 1      0                               -6
...............................................................


WIND (MPH)
  HIGHEST WIND SPEED    18   HIGHEST WIND DIRECTION    NW (310)
  HIGHEST GUST SPEED    26   HIGHEST GUST DIRECTION    NW (320)
  AVERAGE WIND SPEED     7.9




RELATIVE HUMIDITY (PERCENT)
 HIGHEST    93
 LOWEST     36
 AVERAGE    65

..........................................................


THE WALLOPS ISLAND VA CLIMATE NORMALS FOR TODAY
                         NORMAL    RECORD    YEAR
 MAXIMUM TEMPERATURE (F)   67        85      2009
                                             1990
 MINIMUM TEMPERATURE (F)   49        36      1998


SUNRISE AND SUNSET
APRIL 28 2015.........SUNRISE   610 AM EDT   SUNSET   750 PM EDT
APRIL 29 2015.........SUNRISE   609 AM EDT   SUNSET   751 PM EDT


-  INDICATES NEGATIVE NUMBERS.
R  INDICATES RECORD WAS SET OR TIED.
MM INDICATES DATA IS MISSING.
T  INDICATES TRACE AMOUNT.




$$
