000
CDUS46 KLOX 210112
CLIWJF


CLIMATE REPORT
NATIONAL WEATHER SERVICE LOS ANGELES/OXNARD CA
612 PM PDT MON APR 20 2015


...................................

...THE LANCASTER CLIMATE SUMMARY FOR APRIL 20 2015...
VALID TODAY AS OF 0600 PM LOCAL TIME.

CLIMATE NORMAL PERIOD 1981 TO 2010
CLIMATE RECORD PERIOD 1948 TO 2015


WEATHER ITEM   OBSERVED TIME   RECORD YEAR NORMAL DEPARTURE LAST
                VALUE   (LST)  VALUE       VALUE  FROM      YEAR
                                                  NORMAL
..................................................................
TEMPERATURE (F)
 TODAY
  MAXIMUM         83    100 PM  97    1950  74      9       86
  MINIMUM         50        MM  31    1966  46      4       55
  AVERAGE         67                        60      7       71

PRECIPITATION (IN)
  TODAY            0.00          0.21 2001   0.01  -0.01     0.00
  MONTH TO DATE    0.01                      0.27  -0.26     0.09
  SINCE OCT 1      4.33                      6.82  -2.49     3.77
  SINCE JAN 1      1.41                      4.69  -3.28     2.18

SNOWFALL (IN)
  TODAY            0.0           0.0    MM   0.0             0.0
  MONTH TO DATE    0.0                       0.0             0.0
  SINCE MAR 1      0.0                       0.0             0.0
  SINCE JUL 1      0.0                       2.3             0.0
  SNOW DEPTH       0

DEGREE DAYS
 HEATING
  TODAY            0                         6     -6        0
  MONTH TO DATE  141                       160    -19      100
  SINCE MAR 1    359                       528   -169      387
  SINCE JUL 1   2228                      2821   -593     2624

 COOLING
  TODAY            2                         1      1        6
  MONTH TO DATE    5                        11     -6       22
  SINCE MAR 1     11                        13     -2       22
  SINCE JAN 1     11                        13     -2       28
..................................................................


WIND (MPH)
  HIGHEST WIND SPEED    23   HIGHEST WIND DIRECTION    SW (220)
  HIGHEST GUST SPEED    33   HIGHEST GUST DIRECTION    SW (240)
  AVERAGE WIND SPEED     9.0


SKY COVER
  POSSIBLE SUNSHINE  MM
  AVERAGE SKY COVER 0.0


WEATHER CONDITIONS
 THE FOLLOWING WEATHER WAS RECORDED TODAY.
  NO SIGNIFICANT WEATHER WAS OBSERVED.


RELATIVE HUMIDITY (PERCENT)
 HIGHEST    46           400 AM
 LOWEST     14           100 PM
 AVERAGE    30

..........................................................


THE LANCASTER CLIMATE NORMALS FOR TOMORROW
                         NORMAL    RECORD    YEAR
 MAXIMUM TEMPERATURE (F)   75        95      2012
 MINIMUM TEMPERATURE (F)   46        32      2002


SUNRISE AND SUNSET
APRIL 20 2015.........SUNRISE   615 AM PDT   SUNSET   729 PM PDT
APRIL 21 2015.........SUNRISE   614 AM PDT   SUNSET   730 PM PDT


-  INDICATES NEGATIVE NUMBERS.
R  INDICATES RECORD WAS SET OR TIED.
MM INDICATES DATA IS MISSING.
T  INDICATES TRACE AMOUNT.




$$
