000
CDUS45 KRIW 280748
CLIWRL


CLIMATE REPORT
NATIONAL WEATHER SERVICE RIVERTON WY
145 AM MDT TUE APR 28 2015


...................................

...THE WORLAND WY CLIMATE SUMMARY FOR APRIL 27 2015...

CLIMATE NORMAL PERIOD 1981 TO 2010
CLIMATE RECORD PERIOD 1947 TO 2015


WEATHER ITEM   OBSERVED TIME   RECORD YEAR NORMAL DEPARTURE LAST
                VALUE   (LST)  VALUE       VALUE  FROM      YEAR
                                                  NORMAL
..................................................................
TEMPERATURE (F)
 YESTERDAY
  MAXIMUM         57    428 PM  85    1992  64     -7       55
  MINIMUM         38    733 AM  23    1994  35      3       38
  AVERAGE         48                        49     -1       47

PRECIPITATION (IN)
  YESTERDAY        T             0.75 1978   0.04  -0.04     0.01
  MONTH TO DATE    0.26                      0.73  -0.47     0.28
  SINCE MAR 1      0.26                      1.19  -0.93     0.68
  SINCE JAN 1      1.03                      1.61  -0.58     1.06

DEGREE DAYS
 HEATING
  YESTERDAY       17                        16      1       18
  MONTH TO DATE  510                       535    -25      518
  SINCE MAR 1   1231                      1420   -189     1458
  SINCE JUL 1   7140                      7421   -281     7838

 COOLING
  YESTERDAY        0                         0      0        0
  MONTH TO DATE    0                         0      0        0
  SINCE MAR 1      0                         0      0        0
  SINCE JAN 1      0                         0      0        0
..................................................................


WIND (MPH)
  HIGHEST WIND SPEED    13   HIGHEST WIND DIRECTION    NW (320)
  HIGHEST GUST SPEED    15   HIGHEST GUST DIRECTION    NW (320)
  AVERAGE WIND SPEED     4.2


SKY COVER
  POSSIBLE SUNSHINE  MM
  AVERAGE SKY COVER 0.5


WEATHER CONDITIONS
 THE FOLLOWING WEATHER WAS RECORDED YESTERDAY.
  NO SIGNIFICANT WEATHER WAS OBSERVED.


RELATIVE HUMIDITY (PERCENT)
 HIGHEST    85           100 AM
 LOWEST     43           400 PM
 AVERAGE    64

..........................................................


THE WORLAND WY CLIMATE NORMALS FOR TODAY
                         NORMAL    RECORD    YEAR
 MAXIMUM TEMPERATURE (F)   64        88      2000
                                             1987
 MINIMUM TEMPERATURE (F)   35        19      1984


SUNRISE AND SUNSET
APRIL 28 2015.........SUNRISE   608 AM MDT   SUNSET   811 PM MDT
APRIL 29 2015.........SUNRISE   607 AM MDT   SUNSET   812 PM MDT


-  INDICATES NEGATIVE NUMBERS.
R  INDICATES RECORD WAS SET OR TIED.
MM INDICATES DATA IS MISSING.
T  INDICATES TRACE AMOUNT.




$$
