000
CDUS46 KPDT 270915 RRA
CLIYKM

CLIMATE REPORT
NATIONAL WEATHER SERVICE PENDLETON OR
146 AM PDT MON APR 27 2015


...................................

...THE YAKIMA WA CLIMATE SUMMARY FOR APRIL 26 2015...

CLIMATE NORMAL PERIOD 1981 TO 2010
CLIMATE RECORD PERIOD 1946 TO 2015


WEATHER ITEM   OBSERVED TIME   RECORD YEAR NORMAL DEPARTURE LAST
                VALUE   (LST)  VALUE       VALUE  FROM      YEAR
                                                  NORMAL
..................................................................
TEMPERATURE (F)
 YESTERDAY
  MAXIMUM         68    449 PM  86    2013  66      2       63
  MINIMUM         28    439 AM  24    1948  36     -8       32
  AVERAGE         48                        51     -3       48

PRECIPITATION (IN)
  YESTERDAY        0.00          0.64 2003   0.02  -0.02      T
  MONTH TO DATE    T                         0.47  -0.47     0.46
  SINCE OCT 1      4.52                      6.13  -1.61     3.62
  SINCE JAN 1      2.42                      3.01  -0.59     2.79

SNOWFALL (IN)
  YESTERDAY        0.0           0.0  2002   0.0    0.0      0.0
                                      2001
                                      2000
  MONTH TO DATE    0.0                       0.0    0.0      0.0
  SINCE JAN 1      1.6                       8.6   -7.0     19.9
  SINCE JUL 1      1.6                      21.6  -20.0     19.9
  SNOW DEPTH       0

DEGREE DAYS
 HEATING
  YESTERDAY       17                        14      3       17
  MONTH TO DATE  360                       425    -65      332
  SINCE MAR 1    814                      1102   -288      966
  SINCE JUL 1   4396                      5629  -1233     5368

 COOLING
  YESTERDAY        0                         0      0        0
  MONTH TO DATE    0                         0      0        0
  SINCE MAR 1      0                         0      0        0
  SINCE JAN 1      0                         0      0        0
..................................................................


WIND (MPH)
  HIGHEST WIND SPEED    12   HIGHEST WIND DIRECTION     E (110)
  HIGHEST GUST SPEED    16   HIGHEST GUST DIRECTION     E (110)
  AVERAGE WIND SPEED     5.1


SKY COVER
  POSSIBLE SUNSHINE  MM
  AVERAGE SKY COVER 0.2


WEATHER CONDITIONS
 THE FOLLOWING WEATHER WAS RECORDED YESTERDAY.
  NO SIGNIFICANT WEATHER WAS OBSERVED.


RELATIVE HUMIDITY (PERCENT)
 HIGHEST    72           500 AM
 LOWEST     20           300 PM
 AVERAGE    46

..........................................................


THE YAKIMA WA CLIMATE NORMALS FOR TODAY
                         NORMAL    RECORD    YEAR
 MAXIMUM TEMPERATURE (F)   67        87      1987
 MINIMUM TEMPERATURE (F)   37        25      1999


SUNRISE AND SUNSET
APRIL 27 2015.........SUNRISE   554 AM PDT   SUNSET   806 PM PDT
APRIL 28 2015.........SUNRISE   553 AM PDT   SUNSET   807 PM PDT


-  INDICATES NEGATIVE NUMBERS.
R  INDICATES RECORD WAS SET OR TIED.
MM INDICATES DATA IS MISSING.
T  INDICATES TRACE AMOUNT.




$$
