000
CDUS41 KPBZ 032125
CLIZZV


CLIMATE REPORT
NATIONAL WEATHER SERVICE PITTSBURGH PA
524 PM EDT SUN MAY 3 2015


...................................

...THE ZANESVILLE OH CLIMATE SUMMARY FOR MAY 3 2015...
VALID TODAY AS OF 0500 PM LOCAL TIME.

CLIMATE NORMAL PERIOD 1981 TO 2010
CLIMATE RECORD PERIOD 1946 TO 2015


WEATHER ITEM   OBSERVED TIME   RECORD YEAR NORMAL DEPARTURE LAST
                VALUE   (LST)  VALUE       VALUE  FROM      YEAR
                                                  NORMAL
..................................................................
TEMPERATURE (F)
 TODAY
  MAXIMUM         76    355 PM  88    2012  69      7       67
  MINIMUM         44    559 AM  30    1978  45     -1       45
  AVERAGE         60                        57      3       56

PRECIPITATION (IN)
  TODAY            0.00         MM      MM   0.12  -0.12     0.01
  MONTH TO DATE    0.06                      0.36  -0.30     0.05
  SINCE JUN 1     35.86                     34.03   1.83    39.16
  SINCE JAN 1     13.45                     11.63   1.82    10.85

DEGREE DAYS
 HEATING
  TODAY            5                         9     -4        9
  MONTH TO DATE   21                        27     -6       33
  SINCE MAR 1   1271                      1193     78     1300
  SINCE JUL 1   5928                      5384    544     5857

 COOLING
  TODAY            0                         0      0        0
  MONTH TO DATE    0                         0      0        0
  SINCE MAR 1      1                         9     -8        5
  SINCE JAN 1      1                         9     -8        5
..................................................................


WIND (MPH)
  HIGHEST WIND SPEED    14   HIGHEST WIND DIRECTION     S (200)
  HIGHEST GUST SPEED    20   HIGHEST GUST DIRECTION     S (200)
  AVERAGE WIND SPEED     2.9


SKY COVER
  POSSIBLE SUNSHINE  MM
  AVERAGE SKY COVER 0.2


WEATHER CONDITIONS
 THE FOLLOWING WEATHER WAS RECORDED TODAY.
  NO SIGNIFICANT WEATHER WAS OBSERVED.


RELATIVE HUMIDITY (PERCENT)
 HIGHEST    89           400 AM
 LOWEST     29           200 PM
 AVERAGE    59

..........................................................


THE ZANESVILLE OH CLIMATE NORMALS FOR TOMORROW
                         NORMAL    RECORD    YEAR
 MAXIMUM TEMPERATURE (F)   69        87      1949
 MINIMUM TEMPERATURE (F)   45        28      2005


SUNRISE AND SUNSET
MAY  3 2015...........SUNRISE   626 AM EDT   SUNSET   824 PM EDT
MAY  4 2015...........SUNRISE   624 AM EDT   SUNSET   825 PM EDT


-  INDICATES NEGATIVE NUMBERS.
R  INDICATES RECORD WAS SET OR TIED.
MM INDICATES DATA IS MISSING.
T  INDICATES TRACE AMOUNT.




$$
