000
CXUS54 KEWX 011348
CLMATT

SATCLMATT 000
TTAA00 KEWX 011333


CLIMATE REPORT
NATIONAL WEATHER SERVICE AUSTIN/SAN ANTONIO, TX
848 AM CDT FRI MAY 1 2015

...................................

...THE AUSTIN CAMP MABRY CLIMATE SUMMARY FOR THE MONTH OF APRIL 2015...

CLIMATE NORMAL PERIOD 1981 TO 2010
CLIMATE RECORD PERIOD 1897 TO 2015

WEATHER         OBSERVED          NORMAL  DEPART  LAST YEAR`S
                 VALUE   DATE(S)  VALUE   FROM    VALUE  DATE(S)
                                          NORMAL
................................................................
TEMPERATURE (F)
HIGHEST            93   04/25                         96  04/27
LOWEST             49   04/29                         39  04/15
AVG. MAXIMUM     80.6              79.8     0.8     79.8
AVG. MINIMUM     61.8              58.6     3.2     58.6
MEAN             71.2              69.2     2.0     69.2
DAYS MAX >= 90      1                                  2
DAYS MAX <= 32      0                                  0
DAYS MIN <= 32      0                                  0
DAYS MIN <= 0       0                                  0

PRECIPITATION (INCHES)
TOTALS           2.31              2.09    0.22     1.89
DAILY AVG.       0.08              0.07    0.01     0.06
DAYS >= .01        11                                  6
DAYS >= .10         4                                  3
DAYS >= .50         2                                  1
DAYS >= 1.00        0                                  1
GREATEST
 24 HR. TOTAL    0.64   04/26 TO 04/27

SNOWFALL (INCHES)
TOTALS              T               0.0     0.0        T
SINCE 7/1           T

DEGREE_DAYS
HEATING TOTAL      12                38     -26       49
 SINCE 7/1       1698              1537     161     1771
COOLING TOTAL     205               164      41      181
 SINCE 1/1        278               252      26      265
.................................................................

WIND (MPH)
AVERAGE WIND SPEED              5.5
HIGHEST WIND SPEED/DIRECTION    28/300    DATE  04/18
HIGHEST GUST SPEED/DIRECTION    43/300    DATE  04/18

SKY COVER
POSSIBLE SUNSHINE (PERCENT)   MM
AVERAGE SKY COVER           0.60
NUMBER OF DAYS FAIR            6
NUMBER OF DAYS PC             13
NUMBER OF DAYS CLOUDY         11

AVERAGE RH (PERCENT)     71

WEATHER CONDITIONS. NUMBER OF DAYS WITH
THUNDERSTORM              0     MIXED PRECIP               0
HEAVY RAIN                4     RAIN                       4
LIGHT RAIN               13     FREEZING RAIN              0
LT FREEZING RAIN          0     HAIL                       1
HEAVY SNOW                0     SNOW                       0
LIGHT SNOW                0     SLEET                      0
FOG                      19     FOG W/VIS <= 1/4 MILE      2
HAZE                      9

-  INDICATES NEGATIVE NUMBERS.
R  INDICATES RECORD WAS SET OR TIED.
MM INDICATES DATA IS MISSING.
T  INDICATES TRACE AMOUNT.

&&

MONTHLY CLIMATE SUMMARY
APRIL 2015 WAS THE 21ST WARMEST AND 56TH WETTEST APRIL SINCE
RECORD KEEPING BEGAN. 1/4 INCH TO 6/10 INCH DIAMETER HAIL
WAS OBSERVED ON THE 18TH FROM 918 PM TO 928 PM.

SEA LEVEL PRESSURE DATA
HIGHEST SLP 30.33 ON THE 4TH
LOWEST  SLP 29.50 ON THE 26TH

PRELIMINARY LOCAL CLIMATOLOGICAL DATA (WS FORM: F-6)

                                          STATION:   AUSTIN CAMP MABRY
                                          MONTH:     APRIL
                                          YEAR:      2015
                                          LATITUDE:   30 17 N
                                          LONGITUDE:  97 42 W

  TEMPERATURE IN F:       :PCPN:    SNOW:  WIND      :SUNSHINE: SKY     :PK WND
================================================================================
1   2   3   4   5  6A  6B    7    8   9   10  11  12  13   14  15   16   17  18
                                     12Z  AVG MX 2MIN
DY MAX MIN AVG DEP HDD CDD  WTR  SNW DPTH SPD SPD DIR MIN PSBL S-S WX    SPD DR
================================================================================

 1  83  68  76  10   0  11    T  0.0    0  6.6 14 180   M    M   7 18     25 180
 2  84  68  76  10   0  11 0.00  0.0    0  8.1 15 160   M    M   7 18     26 170
 3  86  66  76  10   0  11 0.00  0.0    0  6.7 17  10   M    M   9 18     27  20
 4  69  56  63  -3   2   0 0.00  0.0    0  7.5 17  20   M    M  10        32  40
 5  69  59  64  -3   1   0 0.02  0.0    0  4.4 10 140   M    M  10 1      16 160
 6  85  65  75   8   0  10 0.00  0.0    0  7.3 14 160   M    M   6 1      24 180
 7  87  68  78  11   0  13 0.00  0.0    0  7.5 16 160   M    M   6        26 160
 8  79  69  74   7   0   9    T  0.0    0  8.3 16 150   M    M   7 8      29 170
 9  87  70  79  11   0  14 0.00  0.0    0  7.2 15 150   M    M   5        27 200
10  74  56  65  -3   0   0 0.09  0.0    0  4.8 14  30   M    M   4 13     26  20
11  70  59  65  -3   0   0    T  0.0    0  2.7  7 110   M    M  10 18     12 120
12  82  67  75   7   0  10 0.01  0.0    0  4.8 13 150   M    M   9 128    19 160
13  87  64  76   7   0  11 0.09  0.0    0  4.4 13 140   M    M   4 13     19 130
14  77  57  67  -2   0   2 0.00  0.0    0  5.6 12 310   M    M   5        20 330
15  83  54  69   0   0   4 0.00  0.0    0  3.8 14 150   M    M   4        20 150
16  81  67  74   5   0   9 0.01  0.0    0  4.3 17 140   M    M   7 138    27 150
17  75  66  71   1   0   6 0.41  0.0    0  4.4 12  10   M    M   9 13     18  40
18  77  54  66  -4   0   1 0.57    T    0  3.5 28 300   M    M   8 1358   43 300
19  89  57  73   3   0   8 0.00  0.0    0  5.6 15 300   M    M   4 12     25 310
20  73  54  64  -6   1   0 0.00  0.0    0  5.6 15 360   M    M   0        25 360
21  81  51  66  -4   0   1 0.00  0.0    0  5.1 13 140   M    M   2        22 120
22  81  67  74   3   0   9    T  0.0    0  6.5 16 140   M    M   9 1      23 160
23  85  68  77   6   0  12 0.00  0.0    0  3.5 10 160   M    M   7 1      16 180
24  85  69  77   6   0  12 0.43  0.0    0  5.1 14 160   M    M   8 13     23 170
25  93  70  82  10   0  17 0.04  0.0    0  4.5 12 300   M    M   1 13     20 170
26  86  69  78   6   0  13 0.08  0.0    0  8.1 18 140   M    M   8 138    32 160
27  85  63  74   2   0   9 0.56  0.0    0  4.4 17 320   M    M   4 13     37 300
28  65  53  59 -13   6   0 0.00  0.0    0  8.0 17 350   M    M   8        26  10
29  77  49  63  -9   2   0 0.00  0.0    0  5.0 12 350   M    M   0        19 320
30  83  50  67  -6   0   2 0.00  0.0    0  2.6 10 140   M    M   0        14 160
================================================================================
SM 2418 1853        12 205  2.31    T    165.9          M      178
================================================================================
AV 80.6 61.8                               5.5 FASTST   M    M   6    MAX(MPH)
                                 MISC ---->  # 28 300               # 43  300
================================================================================
NOTES:
# LAST OF SEVERAL OCCURRENCES

COLUMN 17 PEAK WIND IN M.P.H.

SYMBOLS USED IN COLUMN 16

1 = FOG OR MIST
2 = FOG REDUCING VISIBILITY
3 = THUNDER
4 = ICE PELLETS
5 = HAIL
6 = FREEZING RAIN OR DRIZZLE
7 = DUSTSTORM OR SANDSTORM:
8 = SMOKE OR HAZE
9 = BLOWING SNOW
X = TORNADO

$$

CVP
