000
CXUS54 KAMA 021037
CLMBGD


CLIMATE REPORT
NATIONAL WEATHER SERVICE AMARILLO TX
537 AM CDT SAT MAY 2 2015

...................................

...THE BORGER CLIMATE SUMMARY FOR THE MONTH OF APRIL 2015...

CLIMATE NORMAL PERIOD 1981 TO 2013
CLIMATE RECORD PERIOD 1949 TO 2015

WEATHER         OBSERVED          NORMAL  DEPART  LAST YEAR`S
                 VALUE   DATE(S)  VALUE   FROM    VALUE  DATE(S)
                                          NORMAL
................................................................
TEMPERATURE (F)
HIGHEST            91   04/08                         92  04/25
LOWEST             35   04/10                         28  04/14
AVG. MAXIMUM     74.8              72.5     2.3     74.6
AVG. MINIMUM     48.5              44.9     3.6     45.5
MEAN             61.6              58.7     2.9     60.0
DAYS MAX >= 90      2               1.3     0.7        4
DAYS MAX <= 32      0               0.0     0.0        0
DAYS MIN <= 32      0               2.2    -2.2        2
DAYS MIN <= 0       0               0.0     0.0        0

PRECIPITATION (INCHES)
TOTALS           4.40              1.54    2.86     0.13
DAILY AVG.       0.15              0.05    0.10     0.00
DAYS >= .01         8               5.6     2.4        4
DAYS >= .10         5               2.8     2.2        0
DAYS >= .50         3               1.0     2.0        0
DAYS >= 1.00        1               0.3     0.7        0
GREATEST
 24 HR. TOTAL    3.08   04/26 TO 04/27

SNOWFALL (INCHES)
TOTALS            0.0                MM      MM      1.1
SINCE 7/1        17.5                MM      MM     14.7
DAYS >= TRACE       0                MM      MM        1
DAYS >= 1.0         0                MM      MM        1
GREATEST
 SNOW DEPTH         0   MM
 24 HR TOTAL      0.0   04/30 TO 04/30

DEGREE_DAYS
HEATING TOTAL     141               226     -85      202
 SINCE 7/1       3373              3703    -330     3782
COOLING TOTAL      49                37      12       63
 SINCE 1/1         56                44      12       65
.................................................................

WIND (MPH)
AVERAGE WIND SPEED              11.6
HIGHEST WIND SPEED/DIRECTION    39/040    DATE  04/27
HIGHEST GUST SPEED/DIRECTION    55/250    DATE  04/24

SKY COVER
POSSIBLE SUNSHINE (PERCENT)   MM
NUMBER OF DAYS FAIR           22
NUMBER OF DAYS PC              7
NUMBER OF DAYS CLOUDY          1

AVERAGE RH (PERCENT)     50

WEATHER CONDITIONS. NUMBER OF DAYS WITH
THUNDERSTORM              0     MIXED PRECIP               0
HEAVY RAIN                3     RAIN                       5
LIGHT RAIN               14     FREEZING RAIN              0
LT FREEZING RAIN          0     HEAVY SNOW                 0
SNOW                      0     LIGHT SNOW                 0
SLEET                     0     FOG                        7
FOG W/VIS <= 1/4 MILE     0     HAZE                       2

-  INDICATES NEGATIVE NUMBERS.
R  INDICATES RECORD WAS SET OR TIED.
MM INDICATES DATA IS MISSING.
T  INDICATES TRACE AMOUNT.

$$
