000
CXUS53 KTOP 011434
CLMEMP


CLIMATE REPORT
NATIONAL WEATHER SERVICE TOPEKA KS
928 AM CDT FRI MAY 1 2015

...................................

...THE EMPORIA KS CLIMATE SUMMARY FOR THE MONTH OF APRIL 2015...

CLIMATE NORMAL PERIOD 1981 TO 2010
CLIMATE RECORD PERIOD 9999 TO 9999

WEATHER         OBSERVED          NORMAL  DEPART  LAST YEAR`S
                 VALUE   DATE(S)  VALUE   FROM    VALUE
                                          NORMAL
.............................................................
TEMPERATURE (F)
HIGHEST            84   04/07                         85
LOWEST             26R  04/04                         27
AVG. MAXIMUM     68.5              67.8     0.7     67.8
AVG. MINIMUM     46.2              43.8     2.4     41.7
MEAN             57.3              55.8     1.5     54.8
DAYS MAX >= 90      0               0.4    -0.4        0
DAYS MAX <= 32      0               0.0     0.0        0
DAYS MIN <= 32      1               3.1    -2.1        6
DAYS MIN <= 0       0               0.0     0.0        0

PRECIPITATION (INCHES)
TOTALS           4.31              3.38    0.93     1.65
DAILY AVG.       0.14                               0.05
DAYS >= .01        11                                  8
DAYS >= .10        10                                  6
DAYS >= .50         2                                  0
DAYS >= 1.00        1                                  0
GREATEST
 24 HR. TOTAL    1.28   04/12 TO 04/13              0.45

DEGREE_DAYS
HEATING TOTAL     229               297     -68      317
 SINCE 7/1       4761              4729      32     5381
COOLING TOTAL       5                21     -16       18
 SINCE 1/1          6                23     -17       18
..............................................................

WIND (MPH)
AVERAGE WIND SPEED              11.4
HIGHEST WIND SPEED/DIRECTION    37/190    DATE  04/08
HIGHEST GUST SPEED/DIRECTION    46/190    DATE  04/08

SKY COVER
POSSIBLE SUNSHINE (PERCENT)   MM
AVERAGE SKY COVER           0.40
NUMBER OF DAYS FAIR           16
NUMBER OF DAYS PC             10
NUMBER OF DAYS CLOUDY          4

AVERAGE RH (PERCENT)     65

WEATHER CONDITIONS. NUMBER OF DAYS WITH
THUNDERSTORM             11     MIXED PRECIP               0
HEAVY RAIN                6     RAIN                       8
LIGHT RAIN               13     FREEZING RAIN              0
LT FREEZING RAIN          0     HEAVY SNOW                 0
SNOW                      0     LIGHT SNOW                 0
FOG                      16     FOG W/VIS <= 1/4 MILE      1
HAZE                     16

-  INDICATES NEGATIVE NUMBERS.
R  INDICATES RECORD WAS SET OR TIED.
MM INDICATES DATA IS MISSING.
T  INDICATES TRACE AMOUNT.

$$
