000
CXUS55 KGGW 011317
CLMGGW

CLIMATE REPORT
NATIONAL WEATHER SERVICE GLASGOW MT
715 AM MDT FRI MAY 1 2015

...................................

...THE GLASGOW CLIMATE SUMMARY FOR THE MONTH OF APRIL 2015...

CLIMATE NORMAL PERIOD 1981 TO 2010
CLIMATE RECORD PERIOD 1893 TO 2015

WEATHER         OBSERVED          NORMAL  DEPART  LAST YEAR`S
                 VALUE   DATE(S)  VALUE   FROM    VALUE  DATE(S)
                                          NORMAL
................................................................
TEMPERATURE (F)
RECORD
 HIGH              93   04/26/1952
 LOW              -19   04/01/1899
HIGHEST            81   04/29                         76  04/22
LOWEST             23   04/03                         11  04/14
AVG. MAXIMUM     59.2              57.8     1.4     56.2
AVG. MINIMUM     32.4              32.1     0.3     28.7
MEAN             45.8              44.9     0.9     42.5
DAYS MAX >= 90      0                                  0
DAYS MAX <= 32      1                                  0
DAYS MIN <= 32     15                                 21
DAYS MIN <= 0       0                                  0

PRECIPITATION (INCHES)
RECORD
 MAXIMUM         5.03   1940
 MINIMUM            T   1949
TOTALS           1.19              0.85    0.34     0.93
DAILY AVG.       0.04              0.03    0.01     0.03
DAYS >= .01         8                                  5
DAYS >= .10         2                                  4
DAYS >= .50         1                                  0
DAYS >= 1.00        0                                  0
GREATEST
 24 HR. TOTAL    0.69   04/25 TO 04/25

SNOWFALL (INCHES)
RECORDS
 TOTAL           28.5   1896
 SNOW DEPTH        12   04/10/1995
                        04/09/1995
TOTALS            5.3               1.9     3.4      0.0
 LIQUID EQUIV      MM              0.20      MM     0.00
SINCE 7/1        43.2              33.6     9.6     30.4
 LIQUID 7/1      3.79              3.40    0.39     3.04
SNOWDEPTH AVG.      0                                  0
DAYS >= TRACE       5                                  0
DAYS >= 1.0         2                                  0
GREATEST
 SNOW DEPTH         4   04/07                          0  MM
 24 HR TOTAL      5.2   04/06 TO 04/07

DEGREE_DAYS
HEATING TOTAL     570               603     -33      667
 SINCE 7/1       7425              8007    -582     8469
COOLING TOTAL       0                 1      -1        0
 SINCE 1/1          0                 1      -1        0
.................................................................

WIND (MPH)
AVERAGE WIND SPEED              13.1
RESULTANT WIND SPEED/DIRECTION   1/018
HIGHEST WIND SPEED/DIRECTION    39/290    DATE  04/29
HIGHEST GUST SPEED/DIRECTION    50/290    DATE  04/29

SKY COVER
POSSIBLE SUNSHINE (PERCENT)   MM
AVERAGE SKY COVER           0.30
NUMBER OF DAYS FAIR           19
NUMBER OF DAYS PC              7
NUMBER OF DAYS CLOUDY          4

AVERAGE RH (PERCENT)     52

WEATHER CONDITIONS. NUMBER OF DAYS WITH
THUNDERSTORM              0     MIXED PRECIP               0
HEAVY RAIN                1     RAIN                       2
LIGHT RAIN                8     FREEZING RAIN              0
LT FREEZING RAIN          1     HAIL                       0
HEAVY SNOW                0     SNOW                       1
LIGHT SNOW                5     SLEET                      1
FOG                       5     FOG W/VIS <= 1/4 MILE      0
HAZE                      2

-  INDICATES NEGATIVE NUMBERS.
R  INDICATES RECORD WAS SET OR TIED.
MM INDICATES DATA IS MISSING.
T  INDICATES TRACE AMOUNT.

&&

THE MONTH OF APRIL WAS WETTER AND SLIGHTLY WARMER THAN NORMAL. FOR
THE MONTH...1.19 INCHES OF MOISTURE WAS RECORDED...WHICH WAS 0.34
INCHES ABOVE NORMAL. THE MAJORITY OF THE MOISTURE CAME IN TWO
SEPARATE EVENTS. THE FIRST WAS A SNOW STORM ON THE 6TH AND 7TH THAT
DROPPED A TOTAL OF 5.2 INCHES OF SNOW. 0.34 INCHES OF MOISTURE WAS
MEASURED WITH THIS SNOW. THE NEXT SYSTEM OCCURRED ON THE 25TH...
DROPPING 0.69 INCHES OF RAIN. A TOTAL OF 5.3 INCHES OF SNOW FELL
DURING THE MONTH...WHICH WAS SLIGHTLY ABOVE THE NORMAL OF 4.7 INCHES.

THE AVERAGE TEMPERATURE FOR APRIL WAS 45.8 DEGREES...WHICH WAS 0.9
DEGREES WARMER THAN NORMAL. THE AVERAGE HIGH WAS 59.2 DEGREES...WITH
AN AVERAGE LOW OF 32.4 DEGREES. THE WARMEST TEMPERATURE DURING THE
MONTH WAS 81 DEGREES ON THE 29TH...WHILE THE COLDEST WAS 23 ON THE
3RD.

THE WIND GUSTED TO 30 MPH OR GREATER ON SEVENTEEN DAYS IN APRIL. THE
PEAK WIND WAS A 50 MPH GUST FROM A COLD FRONT THAT PUSHED THROUGH
LATE IN THE EVENING ON THE 29TH.

LOOKING AHEAD TO MAY...NORMAL HIGHS FOR THE MONTH BEGIN IN THE MID
60S ENDING IN THE LOWER 70S. NORMAL LOWS FOR THE MONTH START OUT IN
THE UPPER 30S...WINDING UP THE MONTH IN THE UPPER 40S. AVERAGE
MOISTURE FOR THE MONTH IS 1.92 INCHES...WHILE THE AVERAGE SNOWFALL
IS 1.2 INCHES.

$$

BB
