000
CXUS55 KABQ 011234
CLMROW

ABQCLMROWALL
TTAA00 KABQ 011232


CLIMATE REPORT
NATIONAL WEATHER SERVICE ALBUQUERQUE NM
627 AM MDT FRI MAY 1 2015

...................................

...THE ROSWELL NM CLIMATE SUMMARY FOR THE MONTH OF APRIL 2015...

CLIMATE NORMAL PERIOD 1981 TO 2010
CLIMATE RECORD PERIOD 1893 TO 2015

WEATHER         OBSERVED          NORMAL  DEPART  LAST YEAR`S
                 VALUE   DATE(S)  VALUE   FROM    VALUE  DATE(S)
                                          NORMAL
................................................................
TEMPERATURE (F)
RECORD
 HIGH             102   04/25/2012
 LOW               23   04/08/1973
HIGHEST            89   04/07        MM      MM       92  04/25
LOWEST             36   04/18        MM      MM       24  04/15
AVG. MAXIMUM     77.3              76.8     0.5     77.9
AVG. MINIMUM     44.2              44.7    -0.5     44.8
MEAN             60.7              60.8    -0.1     61.3
DAYS MAX >= 90      0               1.3    -1.3        4
DAYS MAX <= 32      0               0.0     0.0        0
DAYS MIN <= 32      0               1.6    -1.6        3
DAYS MIN <= 0       0               0.0     0.0        0

PRECIPITATION (INCHES)
RECORD
 MAXIMUM           MM   MM
 MINIMUM           MM   MM
TOTALS           1.74              0.61    1.13     0.11
DAILY AVG.       0.06              0.02    0.04     0.00
DAYS >= .01         3               2.9     0.1        1
DAYS >= .10         2               1.5     0.5        1
DAYS >= .50         1               0.2     0.8        0
DAYS >= 1.00        1               0.1     0.9        0
GREATEST
 24 HR. TOTAL    1.70   04/12 TO 04/13              0.11

SNOWFALL (INCHES)
RECORDS
 TOTAL             MM   MM
TOTALS            0.0               0.3    -0.3        T
SINCE 7/1        16.2              11.9     4.3      5.0
SNOWDEPTH AVG.      0                MM      MM        0
DAYS >= 1.0         0               0.1    -0.1        0
GREATEST
 SNOW DEPTH         0   MM                            -1  04/14
 24 HR TOTAL      0.0   04/30 TO 04/30                 T

DEGREE_DAYS
HEATING TOTAL     132               164     -32      148
 SINCE 7/1       3207              3258     -51     3232
COOLING TOTAL      13                37     -24       44
 SINCE 1/1         16                40     -24       45
.................................................................

WIND (MPH)
AVERAGE WIND SPEED              10.1
HIGHEST WIND SPEED/DIRECTION    37/210    DATE  04/26
HIGHEST GUST SPEED/DIRECTION    48/230    DATE  04/08

SKY COVER
AVERAGE SKY COVER           0.10

AVERAGE RH (PERCENT)     43

WEATHER CONDITIONS. NUMBER OF DAYS WITH
THUNDERSTORM              0     MIXED PRECIP               0
HEAVY RAIN                2     RAIN                       2
LIGHT RAIN                3     FREEZING RAIN              0
LT FREEZING RAIN          0     HAIL                       0
HEAVY SNOW                0     SNOW                       0
LIGHT SNOW                0     SLEET                      0
FOG                       4     FOG W/VIS <= 1/4 MILE      0
HAZE                      2

-  INDICATES NEGATIVE NUMBERS.
R  INDICATES RECORD WAS SET OR TIED.
MM INDICATES DATA IS MISSING.
T  INDICATES TRACE AMOUNT.

$$
