000
CDUS41 KBUF 171014
CLIART


CLIMATE REPORT
NATIONAL WEATHER SERVICE BUFFALO NY
613 AM EDT FRI APR 17 2015


...................................

...THE WATERTOWN NY CLIMATE SUMMARY FOR APRIL 16 2015...

CLIMATE NORMAL PERIOD 1981 TO 2010
CLIMATE RECORD PERIOD 1949 TO 2015


WEATHER ITEM   OBSERVED TIME   RECORD YEAR NORMAL DEPARTURE LAST
                VALUE   (LST)  VALUE       VALUE  FROM      YEAR
                                                  NORMAL
..................................................................
TEMPERATURE (F)
 YESTERDAY
  MAXIMUM         69    325 PM  86    2012  55     14       34
  MINIMUM         25    331 AM  22    2014  34     -9       22
  AVERAGE         47                        44      3       28

PRECIPITATION (IN)
  YESTERDAY        0.02          1.06 1984   0.10  -0.08      T
  MONTH TO DATE    1.16                      1.56  -0.40     3.26
  SINCE MAR 1      1.99                      3.86  -1.87     5.37
  SINCE JAN 1      5.08                      8.74  -3.66    12.47

DEGREE DAYS
 HEATING
  YESTERDAY       18                        21     -3       37
  MONTH TO DATE  350                       385    -35      357
  SINCE MAR 1   1531                      1451     80     1662
  SINCE JUL 1   7051                      6892    159     7333

 COOLING
  YESTERDAY        0                         0      0        0
  MONTH TO DATE    0                         0      0        0
  SINCE MAR 1      0                         0      0        0
  SINCE JAN 1      0                         0      0        0
..................................................................


WIND (MPH)
  HIGHEST WIND SPEED    21   HIGHEST WIND DIRECTION    SW (210)
  HIGHEST GUST SPEED    28   HIGHEST GUST DIRECTION    SW (210)
  AVERAGE WIND SPEED     5.2


SKY COVER
  AVERAGE SKY COVER 0.2


WEATHER CONDITIONS
 THE FOLLOWING WEATHER WAS RECORDED YESTERDAY.
  LIGHT RAIN


RELATIVE HUMIDITY (PERCENT)
 HIGHEST    92          1200 AM
 LOWEST     18           100 PM
 AVERAGE    55

..........................................................


THE WATERTOWN NY CLIMATE NORMALS FOR TODAY
                         NORMAL    RECORD    YEAR
 MAXIMUM TEMPERATURE (F)   55        80      1960
 MINIMUM TEMPERATURE (F)   34        19      1980


SUNRISE AND SUNSET
APRIL 17 2015.........SUNRISE   618 AM EDT   SUNSET   750 PM EDT
APRIL 18 2015.........SUNRISE   616 AM EDT   SUNSET   751 PM EDT


-  INDICATES NEGATIVE NUMBERS.
R  INDICATES RECORD WAS SET OR TIED.
MM INDICATES DATA IS MISSING.
T  INDICATES TRACE AMOUNT.

$$
