000
CDUS41 KBUF 232029
CLIART


CLIMATE REPORT
NATIONAL WEATHER SERVICE BUFFALO NY
427 PM EDT THU APR 23 2015


...................................

...THE WATERTOWN NY CLIMATE SUMMARY FOR APRIL 23 2015...
VALID TODAY AS OF 0400 PM LOCAL TIME.

CLIMATE NORMAL PERIOD 1981 TO 2010
CLIMATE RECORD PERIOD 1949 TO 2015


WEATHER ITEM   OBSERVED TIME   RECORD YEAR NORMAL DEPARTURE LAST
                VALUE   (LST)  VALUE       VALUE  FROM      YEAR
                                                  NORMAL
..................................................................
TEMPERATURE (F)
 TODAY
  MAXIMUM         38    325 PM  84    2001  58    -20       49
  MINIMUM         33    608 AM  24    2010  36     -3       31
                                      1989
  AVERAGE         36                        47    -11       40

PRECIPITATION (IN)
  TODAY            T             0.74 1996   0.09  -0.09     0.04
  MONTH TO DATE    1.69                      2.22  -0.53     3.50
  SINCE MAR 1      2.52                      4.52  -2.00     5.61
  SINCE JAN 1      5.61                      9.40  -3.79    12.71

DEGREE DAYS
 HEATING
  TODAY           29                        18     11       25
  MONTH TO DATE  474                       519    -45      492
  SINCE MAR 1   1655                      1585     70     1797
  SINCE JUL 1   7175                      7026    149     7468

 COOLING
  TODAY            0                         0      0        0
  MONTH TO DATE    0                         0      0        0
  SINCE MAR 1      0                         0      0        0
  SINCE JAN 1      0                         0      0        0
..................................................................


WIND (MPH)
  HIGHEST WIND SPEED    23   HIGHEST WIND DIRECTION     W (250)
  HIGHEST GUST SPEED    34   HIGHEST GUST DIRECTION     W (260)
  AVERAGE WIND SPEED    14.5


SKY COVER
  AVERAGE SKY COVER 0.9


WEATHER CONDITIONS
 THE FOLLOWING WEATHER WAS RECORDED TODAY.
  LIGHT SNOW
  FOG


RELATIVE HUMIDITY (PERCENT)
 HIGHEST    92           100 AM
 LOWEST     59          1000 AM
 AVERAGE    76

..........................................................


THE WATERTOWN NY CLIMATE NORMALS FOR TOMORROW
                         NORMAL    RECORD    YEAR
 MAXIMUM TEMPERATURE (F)   59        78      1958
 MINIMUM TEMPERATURE (F)   36        18      1972


SUNRISE AND SUNSET
APRIL 23 2015.........SUNRISE   608 AM EDT   SUNSET   757 PM EDT
APRIL 24 2015.........SUNRISE   607 AM EDT   SUNSET   759 PM EDT


-  INDICATES NEGATIVE NUMBERS.
R  INDICATES RECORD WAS SET OR TIED.
MM INDICATES DATA IS MISSING.
T  INDICATES TRACE AMOUNT.

$$
