000
CDUS41 KBUF 301013
CLIART


CLIMATE REPORT
NATIONAL WEATHER SERVICE BUFFALO NY
612 AM EDT MON MAR 30 2015


...................................

...THE WATERTOWN NY CLIMATE SUMMARY FOR MARCH 29 2015...

CLIMATE NORMAL PERIOD 1981 TO 2010
CLIMATE RECORD PERIOD 1949 TO 2015


WEATHER ITEM   OBSERVED TIME   RECORD YEAR NORMAL DEPARTURE LAST
                VALUE   (LST)  VALUE       VALUE  FROM      YEAR
                                                  NORMAL
..................................................................
TEMPERATURE (F)
 YESTERDAY
  MAXIMUM         42   1117 PM  78    1977  46     -4       40
  MINIMUM         12    228 AM   9    1974  26    -14       32
  AVERAGE         27                        36     -9       36

PRECIPITATION (IN)
  YESTERDAY        0.00          0.66 1954   0.07  -0.07     0.25
  MONTH TO DATE    0.81                      2.14  -1.33     1.68
  SINCE MAR 1      0.81                      2.14  -1.33     1.68
  SINCE JAN 1      3.90                      7.02  -3.12     8.78

DEGREE DAYS
 HEATING
  YESTERDAY       38                        29      9       29
  MONTH TO DATE 1119                      1011    108     1243
  SINCE MAR 1   1119                      1011    108     1243
  SINCE JUL 1   6639                      6452    187     6914

 COOLING
  YESTERDAY        0                         0      0        0
  MONTH TO DATE    0                         0      0        0
  SINCE MAR 1      0                         0      0        0
  SINCE JAN 1      0                         0      0        0
..................................................................


WIND (MPH)
  HIGHEST WIND SPEED    23   HIGHEST WIND DIRECTION    SW (230)
  HIGHEST GUST SPEED    32   HIGHEST GUST DIRECTION     S (200)
  AVERAGE WIND SPEED     8.6


SKY COVER
  AVERAGE SKY COVER 0.1


WEATHER CONDITIONS
 THE FOLLOWING WEATHER WAS RECORDED YESTERDAY.
  NO SIGNIFICANT WEATHER WAS OBSERVED.


RELATIVE HUMIDITY (PERCENT)
 HIGHEST    84           300 AM
 LOWEST     29          1100 PM
 AVERAGE    57

..........................................................


THE WATERTOWN NY CLIMATE NORMALS FOR TODAY
                         NORMAL    RECORD    YEAR
 MAXIMUM TEMPERATURE (F)   47        84      1977
 MINIMUM TEMPERATURE (F)   27         7      1965


SUNRISE AND SUNSET
MARCH 30 2015.........SUNRISE   650 AM EDT   SUNSET   728 PM EDT
MARCH 31 2015.........SUNRISE   648 AM EDT   SUNSET   730 PM EDT


-  INDICATES NEGATIVE NUMBERS.
R  INDICATES RECORD WAS SET OR TIED.
MM INDICATES DATA IS MISSING.
T  INDICATES TRACE AMOUNT.

$$
