000
CDUS41 KBUF 020706
CLIART


CLIMATE REPORT
NATIONAL WEATHER SERVICE BUFFALO NY
305 AM EDT SAT MAY 2 2015


...................................

...THE WATERTOWN NY CLIMATE SUMMARY FOR MAY 1 2015...

CLIMATE NORMAL PERIOD 1981 TO 2010
CLIMATE RECORD PERIOD 1949 TO 2015


WEATHER ITEM   OBSERVED TIME   RECORD YEAR NORMAL DEPARTURE LAST
                VALUE   (LST)  VALUE       VALUE  FROM      YEAR
                                                  NORMAL
..................................................................
TEMPERATURE (F)
 YESTERDAY
  MAXIMUM         70    427 PM  86    1970  61      9       59
  MINIMUM         39    534 AM  25    1969  39      0       47
  AVERAGE         55                        50      5       53

PRECIPITATION (IN)
  YESTERDAY        0.00          1.12 1953   0.09  -0.09     0.23
  MONTH TO DATE    0.00                      0.09  -0.09     0.23
  SINCE MAR 1      2.52                      5.29  -2.77     8.27
  SINCE JAN 1      5.61                     10.17  -4.56    15.37

DEGREE DAYS
 HEATING
  YESTERDAY       10                        15     -5       12
  MONTH TO DATE   10                        15     -5       12
  SINCE MAR 1   1818                      1717    101     1936
  SINCE JUL 1   7338                      7158    180     7607

 COOLING
  YESTERDAY        0                         0      0        0
  MONTH TO DATE    0                         0      0        0
  SINCE MAR 1      0                         1     -1        0
  SINCE JAN 1      0                         1     -1        0
..................................................................


WIND (MPH)
  HIGHEST WIND SPEED    17   HIGHEST WIND DIRECTION     N (20)
  HIGHEST GUST SPEED    27   HIGHEST GUST DIRECTION    NE (40)
  AVERAGE WIND SPEED     6.4


SKY COVER
  AVERAGE SKY COVER 0.3


WEATHER CONDITIONS
 THE FOLLOWING WEATHER WAS RECORDED YESTERDAY.
  NO SIGNIFICANT WEATHER WAS OBSERVED.


RELATIVE HUMIDITY (PERCENT)
 HIGHEST    86           400 AM
 LOWEST     35           500 PM
 AVERAGE    61

..........................................................


THE WATERTOWN NY CLIMATE NORMALS FOR TODAY
                         NORMAL    RECORD    YEAR
 MAXIMUM TEMPERATURE (F)   62        81      2010
 MINIMUM TEMPERATURE (F)   39        27      1969


SUNRISE AND SUNSET
MAY  2 2015...........SUNRISE   555 AM EDT   SUNSET   808 PM EDT
MAY  3 2015...........SUNRISE   553 AM EDT   SUNSET   809 PM EDT


-  INDICATES NEGATIVE NUMBERS.
R  INDICATES RECORD WAS SET OR TIED.
MM INDICATES DATA IS MISSING.
T  INDICATES TRACE AMOUNT.




$$
