000
CDUS41 KBUF 230705
CLIART


CLIMATE REPORT
NATIONAL WEATHER SERVICE BUFFALO NY
305 AM EDT THU APR 23 2015


...................................

...THE WATERTOWN NY CLIMATE SUMMARY FOR APRIL 22 2015...

CLIMATE NORMAL PERIOD 1981 TO 2010
CLIMATE RECORD PERIOD 1949 TO 2015


WEATHER ITEM   OBSERVED TIME   RECORD YEAR NORMAL DEPARTURE LAST
                VALUE   (LST)  VALUE       VALUE  FROM      YEAR
                                                  NORMAL
..................................................................
TEMPERATURE (F)
 YESTERDAY
  MAXIMUM         49    223 PM  79    1973  58     -9       64
  MINIMUM         34    106 AM  22    2013  36     -2       40
  AVERAGE         42                        47     -5       52

PRECIPITATION (IN)
  YESTERDAY        0.04          1.24 2006   0.10  -0.06     0.19
  MONTH TO DATE    1.69                      2.13  -0.44     3.46
  SINCE MAR 1      2.52                      4.43  -1.91     5.57
  SINCE JAN 1      5.61                      9.31  -3.70    12.67

DEGREE DAYS
 HEATING
  YESTERDAY       23                        18      5       13
  MONTH TO DATE  445                       501    -56      467
  SINCE MAR 1   1626                      1567     59     1772
  SINCE JUL 1   7146                      7008    138     7443

 COOLING
  YESTERDAY        0                         0      0        0
  MONTH TO DATE    0                         0      0        0
  SINCE MAR 1      0                         0      0        0
  SINCE JAN 1      0                         0      0        0
..................................................................


WIND (MPH)
  HIGHEST WIND SPEED    21   HIGHEST WIND DIRECTION     S (200)
  HIGHEST GUST SPEED    31   HIGHEST GUST DIRECTION     S (190)
  AVERAGE WIND SPEED    10.9


SKY COVER
  AVERAGE SKY COVER 0.8


WEATHER CONDITIONS
 THE FOLLOWING WEATHER WAS RECORDED YESTERDAY.
  LIGHT RAIN


RELATIVE HUMIDITY (PERCENT)
 HIGHEST    85          1000 PM
 LOWEST     49           300 PM
 AVERAGE    67

..........................................................


THE WATERTOWN NY CLIMATE NORMALS FOR TODAY
                         NORMAL    RECORD    YEAR
 MAXIMUM TEMPERATURE (F)   58        84      2001
 MINIMUM TEMPERATURE (F)   36        24      2010
                                             1989


SUNRISE AND SUNSET
APRIL 23 2015.........SUNRISE   608 AM EDT   SUNSET   757 PM EDT
APRIL 24 2015.........SUNRISE   607 AM EDT   SUNSET   759 PM EDT


-  INDICATES NEGATIVE NUMBERS.
R  INDICATES RECORD WAS SET OR TIED.
MM INDICATES DATA IS MISSING.
T  INDICATES TRACE AMOUNT.




$$
