000
CDUS41 KBUF 161017
CLIART


CLIMATE REPORT
NATIONAL WEATHER SERVICE BUFFALO NY
616 AM EDT THU APR 16 2015


...................................

...THE WATERTOWN NY CLIMATE SUMMARY FOR APRIL 15 2015...

CLIMATE NORMAL PERIOD 1981 TO 2010
CLIMATE RECORD PERIOD 1949 TO 2015


WEATHER ITEM   OBSERVED TIME   RECORD YEAR NORMAL DEPARTURE LAST
                VALUE   (LST)  VALUE       VALUE  FROM      YEAR
                                                  NORMAL
..................................................................
TEMPERATURE (F)
 YESTERDAY
  MAXIMUM         59    117 PM  85    1994  54      5       61
  MINIMUM         27    548 AM  17    1992  33     -6       28
  AVERAGE         43                        44     -1       45

PRECIPITATION (IN)
  YESTERDAY        0.00          0.83 1984   0.10  -0.10     0.55
  MONTH TO DATE    1.14                      1.46  -0.32     3.26
  SINCE MAR 1      1.97                      3.76  -1.79     5.37
  SINCE JAN 1      5.06                      8.64  -3.58    12.47

DEGREE DAYS
 HEATING
  YESTERDAY       22                        21      1       20
  MONTH TO DATE  332                       364    -32      320
  SINCE MAR 1   1513                      1430     83     1625
  SINCE JUL 1   7033                      6871    162     7296

 COOLING
  YESTERDAY        0                         0      0        0
  MONTH TO DATE    0                         0      0        0
  SINCE MAR 1      0                         0      0        0
  SINCE JAN 1      0                         0      0        0
..................................................................


WIND (MPH)
  HIGHEST WIND SPEED    18   HIGHEST WIND DIRECTION     W (250)
  HIGHEST GUST SPEED    25   HIGHEST GUST DIRECTION    NW (310)
  AVERAGE WIND SPEED     6.8


SKY COVER
  AVERAGE SKY COVER 0.0


WEATHER CONDITIONS
 THE FOLLOWING WEATHER WAS RECORDED YESTERDAY.
  NO SIGNIFICANT WEATHER WAS OBSERVED.


RELATIVE HUMIDITY (PERCENT)
 HIGHEST    92          1100 PM
 LOWEST     28           100 PM
 AVERAGE    60

..........................................................


THE WATERTOWN NY CLIMATE NORMALS FOR TODAY
                         NORMAL    RECORD    YEAR
 MAXIMUM TEMPERATURE (F)   55        86      2012
 MINIMUM TEMPERATURE (F)   34        22      2014


SUNRISE AND SUNSET
APRIL 16 2015.........SUNRISE   620 AM EDT   SUNSET   749 PM EDT
APRIL 17 2015.........SUNRISE   618 AM EDT   SUNSET   750 PM EDT


-  INDICATES NEGATIVE NUMBERS.
R  INDICATES RECORD WAS SET OR TIED.
MM INDICATES DATA IS MISSING.
T  INDICATES TRACE AMOUNT.

$$
