000
CDUS41 KBUF 131031
CLIART


CLIMATE REPORT
NATIONAL WEATHER SERVICE BUFFALO NY
616 AM EDT MON APR 13 2015


...................................

...THE WATERTOWN NY CLIMATE SUMMARY FOR APRIL 12 2015...

CLIMATE NORMAL PERIOD 1981 TO 2010
CLIMATE RECORD PERIOD 1949 TO 2015


WEATHER ITEM   OBSERVED TIME   RECORD YEAR NORMAL DEPARTURE LAST
                VALUE   (LST)  VALUE       VALUE  FROM      YEAR
                                                  NORMAL
..................................................................
TEMPERATURE (F)
 YESTERDAY
  MAXIMUM         63    340 PM  73    2006  53     10       58
  MINIMUM         33   1143 PM  17    1985  32      1       30
  AVERAGE         48                        42      6       44

PRECIPITATION (IN)
  YESTERDAY        0.00          1.10 2013   0.10  -0.10     0.00
  MONTH TO DATE    0.98                      1.16  -0.18     1.79
  SINCE MAR 1      1.81                      3.46  -1.65     3.90
  SINCE JAN 1      4.90                      8.34  -3.44    11.00

DEGREE DAYS
 HEATING
  YESTERDAY       17                        22     -5       21
  MONTH TO DATE  284                       299    -15      298
  SINCE MAR 1   1465                      1365    100     1603
  SINCE JUL 1   6985                      6806    179     7274

 COOLING
  YESTERDAY        0                         0      0        0
  MONTH TO DATE    0                         0      0        0
  SINCE MAR 1      0                         0      0        0
  SINCE JAN 1      0                         0      0        0
..................................................................


WIND (MPH)
  HIGHEST WIND SPEED    16   HIGHEST WIND DIRECTION    SW (230)
  HIGHEST GUST SPEED    21   HIGHEST GUST DIRECTION    SW (230)
  AVERAGE WIND SPEED     6.7


SKY COVER
  AVERAGE SKY COVER 0.0


WEATHER CONDITIONS
 THE FOLLOWING WEATHER WAS RECORDED YESTERDAY.
  NO SIGNIFICANT WEATHER WAS OBSERVED.


RELATIVE HUMIDITY (PERCENT)
 HIGHEST    89           400 AM
 LOWEST     30           300 PM
 AVERAGE    60

..........................................................


THE WATERTOWN NY CLIMATE NORMALS FOR TODAY
                         NORMAL    RECORD    YEAR
 MAXIMUM TEMPERATURE (F)   54        79      2014
                                             1968
 MINIMUM TEMPERATURE (F)   32        17      2009


SUNRISE AND SUNSET
APRIL 13 2015.........SUNRISE   625 AM EDT   SUNSET   745 PM EDT
APRIL 14 2015.........SUNRISE   623 AM EDT   SUNSET   747 PM EDT


-  INDICATES NEGATIVE NUMBERS.
R  INDICATES RECORD WAS SET OR TIED.
MM INDICATES DATA IS MISSING.
T  INDICATES TRACE AMOUNT.




$$
