000
CDUS41 KBUF 210706
CLIART


CLIMATE REPORT
NATIONAL WEATHER SERVICE BUFFALO NY
305 AM EDT TUE APR 21 2015


...................................

...THE WATERTOWN NY CLIMATE SUMMARY FOR APRIL 20 2015...

CLIMATE NORMAL PERIOD 1981 TO 2010
CLIMATE RECORD PERIOD 1949 TO 2015


WEATHER ITEM   OBSERVED TIME   RECORD YEAR NORMAL DEPARTURE LAST
                VALUE   (LST)  VALUE       VALUE  FROM      YEAR
                                                  NORMAL
..................................................................
TEMPERATURE (F)
 YESTERDAY
  MAXIMUM         63    358 PM  83    1957  57      6       64
  MINIMUM         44    709 AM  20    1969  35      9       24
  AVERAGE         54                        46      8       44

PRECIPITATION (IN)
  YESTERDAY        0.42          0.97 2011   0.09   0.33     0.00
  MONTH TO DATE    1.60                      1.94  -0.34     3.27
  SINCE MAR 1      2.43                      4.24  -1.81     5.38
  SINCE JAN 1      5.52                      9.12  -3.60    12.48

DEGREE DAYS
 HEATING
  YESTERDAY       11                        19     -8       21
  MONTH TO DATE  405                       464    -59      444
  SINCE MAR 1   1586                      1530     56     1749
  SINCE JUL 1   7106                      6971    135     7420

 COOLING
  YESTERDAY        0                         0      0        0
  MONTH TO DATE    0                         0      0        0
  SINCE MAR 1      0                         0      0        0
  SINCE JAN 1      0                         0      0        0
..................................................................


WIND (MPH)
  HIGHEST WIND SPEED    29   HIGHEST WIND DIRECTION     S (160)
  HIGHEST GUST SPEED    45   HIGHEST GUST DIRECTION    SE (150)
  AVERAGE WIND SPEED    15.0


SKY COVER
  AVERAGE SKY COVER 0.7


WEATHER CONDITIONS
 THE FOLLOWING WEATHER WAS RECORDED YESTERDAY.
  RAIN
  LIGHT RAIN
  FOG


RELATIVE HUMIDITY (PERCENT)
 HIGHEST    93          1100 PM
 LOWEST     30          1200 AM
 AVERAGE    62

..........................................................


THE WATERTOWN NY CLIMATE NORMALS FOR TODAY
                         NORMAL    RECORD    YEAR
 MAXIMUM TEMPERATURE (F)   57        85      1976
 MINIMUM TEMPERATURE (F)   35        22      2013
                                             1981


SUNRISE AND SUNSET
APRIL 21 2015.........SUNRISE   611 AM EDT   SUNSET   755 PM EDT
APRIL 22 2015.........SUNRISE   610 AM EDT   SUNSET   756 PM EDT


-  INDICATES NEGATIVE NUMBERS.
R  INDICATES RECORD WAS SET OR TIED.
MM INDICATES DATA IS MISSING.
T  INDICATES TRACE AMOUNT.




$$
