000
CDUS41 KBUF 050706
CLIART


CLIMATE REPORT
NATIONAL WEATHER SERVICE BUFFALO NY
305 AM EDT TUE MAY 5 2015


...................................

...THE WATERTOWN NY CLIMATE SUMMARY FOR MAY 4 2015...

CLIMATE NORMAL PERIOD 1981 TO 2010
CLIMATE RECORD PERIOD 1949 TO 2015


WEATHER ITEM   OBSERVED TIME   RECORD YEAR NORMAL DEPARTURE LAST
                VALUE   (LST)  VALUE       VALUE  FROM      YEAR
                                                  NORMAL
..................................................................
TEMPERATURE (F)
 YESTERDAY
  MAXIMUM         81    116 PM  83    1949  62     19       49
  MINIMUM         52   1159 PM  21    1986  40     12       41
  AVERAGE         67                        51     16       45

PRECIPITATION (IN)
  YESTERDAY        0.06          1.40 1984   0.09  -0.03     0.32
  MONTH TO DATE    0.06                      0.37  -0.31     0.82
  SINCE MAR 1      2.58                      5.57  -2.99     8.86
  SINCE JAN 1      5.67                     10.45  -4.78    15.96

DEGREE DAYS
 HEATING
  YESTERDAY        0                        14    -14       20
  MONTH TO DATE   24                        59    -35       58
  SINCE MAR 1   1832                      1761     71     1982
  SINCE JUL 1   7352                      7202    150     7653

 COOLING
  YESTERDAY        2                         0      2        0
  MONTH TO DATE    2                         0      2        0
  SINCE MAR 1      2                         1      1        0
  SINCE JAN 1      2                         1      1        0
..................................................................


WIND (MPH)
  HIGHEST WIND SPEED    22   HIGHEST WIND DIRECTION    SW (220)
  HIGHEST GUST SPEED    30   HIGHEST GUST DIRECTION    SW (220)
  AVERAGE WIND SPEED     8.1


SKY COVER
  AVERAGE SKY COVER 0.5


WEATHER CONDITIONS
 THE FOLLOWING WEATHER WAS RECORDED YESTERDAY.
  LIGHT RAIN
  FOG


RELATIVE HUMIDITY (PERCENT)
 HIGHEST    86           900 PM
 LOWEST     28           100 PM
 AVERAGE    57

..........................................................


THE WATERTOWN NY CLIMATE NORMALS FOR TODAY
                         NORMAL    RECORD    YEAR
 MAXIMUM TEMPERATURE (F)   63        81      1991
 MINIMUM TEMPERATURE (F)   40        25      2005


SUNRISE AND SUNSET
MAY  5 2015...........SUNRISE   551 AM EDT   SUNSET   812 PM EDT
MAY  6 2015...........SUNRISE   549 AM EDT   SUNSET   813 PM EDT


-  INDICATES NEGATIVE NUMBERS.
R  INDICATES RECORD WAS SET OR TIED.
MM INDICATES DATA IS MISSING.
T  INDICATES TRACE AMOUNT.




$$
