000
CDUS41 KBUF 121020
CLIART


CLIMATE REPORT
NATIONAL WEATHER SERVICE BUFFALO NY
616 AM EDT SUN APR 12 2015


...................................

...THE WATERTOWN NY CLIMATE SUMMARY FOR APRIL 11 2015...

CLIMATE NORMAL PERIOD 1981 TO 2010
CLIMATE RECORD PERIOD 1949 TO 2015


WEATHER ITEM   OBSERVED TIME   RECORD YEAR NORMAL DEPARTURE LAST
                VALUE   (LST)  VALUE       VALUE  FROM      YEAR
                                                  NORMAL
..................................................................
TEMPERATURE (F)
 YESTERDAY
  MAXIMUM         45    253 PM  77    2011  53     -8       55
  MINIMUM         37    601 AM  18    1979  32      5       30
  AVERAGE         41                        42     -1       43

PRECIPITATION (IN)
  YESTERDAY        0.00          1.59 1992   0.11  -0.11     0.04
  MONTH TO DATE    0.98                      1.06  -0.08     1.79
  SINCE MAR 1      1.81                      3.36  -1.55     3.90
  SINCE JAN 1      4.90                      8.24  -3.34    11.00

DEGREE DAYS
 HEATING
  YESTERDAY       24                        23      1       22
  MONTH TO DATE  267                       277    -10      277
  SINCE MAR 1   1448                      1343    105     1582
  SINCE JUL 1   6968                      6784    184     7253

 COOLING
  YESTERDAY        0                         0      0        0
  MONTH TO DATE    0                         0      0        0
  SINCE MAR 1      0                         0      0        0
  SINCE JAN 1      0                         0      0        0
..................................................................


WIND (MPH)
  HIGHEST WIND SPEED    22   HIGHEST WIND DIRECTION    SW (230)
  HIGHEST GUST SPEED    34   HIGHEST GUST DIRECTION    SW (230)
  AVERAGE WIND SPEED    13.7


SKY COVER
  AVERAGE SKY COVER 0.5


WEATHER CONDITIONS
 THE FOLLOWING WEATHER WAS RECORDED YESTERDAY.
  NO SIGNIFICANT WEATHER WAS OBSERVED.


RELATIVE HUMIDITY (PERCENT)
 HIGHEST    76           500 AM
 LOWEST     53           100 PM
 AVERAGE    65

..........................................................


THE WATERTOWN NY CLIMATE NORMALS FOR TODAY
                         NORMAL    RECORD    YEAR
 MAXIMUM TEMPERATURE (F)   53        73      2006
 MINIMUM TEMPERATURE (F)   32        17      1985


SUNRISE AND SUNSET
APRIL 12 2015.........SUNRISE   626 AM EDT   SUNSET   744 PM EDT
APRIL 13 2015.........SUNRISE   625 AM EDT   SUNSET   745 PM EDT


-  INDICATES NEGATIVE NUMBERS.
R  INDICATES RECORD WAS SET OR TIED.
MM INDICATES DATA IS MISSING.
T  INDICATES TRACE AMOUNT.




$$
