000
CDUS41 KBUF 062032
CLIART


CLIMATE REPORT
NATIONAL WEATHER SERVICE BUFFALO NY
431 PM EDT WED MAY 6 2015


...................................

...THE WATERTOWN NY CLIMATE SUMMARY FOR MAY 6 2015...
VALID TODAY AS OF 0400 PM LOCAL TIME.

CLIMATE NORMAL PERIOD 1981 TO 2010
CLIMATE RECORD PERIOD 1949 TO 2015


WEATHER ITEM   OBSERVED TIME   RECORD YEAR NORMAL DEPARTURE LAST
                VALUE   (LST)  VALUE       VALUE  FROM      YEAR
                                                  NORMAL
..................................................................
TEMPERATURE (F)
 TODAY
  MAXIMUM         73    253 PM  81    1999  63     10       59
  MINIMUM         34    426 AM  24    1969  40     -6       33
  AVERAGE         54                        52      2       46

PRECIPITATION (IN)
  TODAY            0.00          0.53 1989   0.10  -0.10     0.00
  MONTH TO DATE    0.06                      0.56  -0.50     0.82
  SINCE MAR 1      2.58                      5.76  -3.18     8.86
  SINCE JAN 1      5.67                     10.64  -4.97    15.96

DEGREE DAYS
 HEATING
  TODAY           11                        14     -3       19
  MONTH TO DATE   46                        87    -41       97
  SINCE MAR 1   1854                      1789     65     2021
  SINCE JUL 1   7374                      7230    144     7692

 COOLING
  TODAY            0                         0      0        0
  MONTH TO DATE    2                         0      2        0
  SINCE MAR 1      2                         1      1        0
  SINCE JAN 1      2                         1      1        0
..................................................................


WIND (MPH)
  HIGHEST WIND SPEED    16   HIGHEST WIND DIRECTION     W (260)
  HIGHEST GUST SPEED    19   HIGHEST GUST DIRECTION     W (280)
  AVERAGE WIND SPEED     5.3


SKY COVER
  AVERAGE SKY COVER 0.0


WEATHER CONDITIONS
 THE FOLLOWING WEATHER WAS RECORDED TODAY.
  NO SIGNIFICANT WEATHER WAS OBSERVED.


RELATIVE HUMIDITY (PERCENT)
 HIGHEST   100           100 AM
 LOWEST     27           200 PM
 AVERAGE    64

..........................................................


THE WATERTOWN NY CLIMATE NORMALS FOR TOMORROW
                         NORMAL    RECORD    YEAR
 MAXIMUM TEMPERATURE (F)   63        81      1960
 MINIMUM TEMPERATURE (F)   41        18      1966


SUNRISE AND SUNSET
MAY  6 2015...........SUNRISE   549 AM EDT   SUNSET   813 PM EDT
MAY  7 2015...........SUNRISE   548 AM EDT   SUNSET   814 PM EDT


-  INDICATES NEGATIVE NUMBERS.
R  INDICATES RECORD WAS SET OR TIED.
MM INDICATES DATA IS MISSING.
T  INDICATES TRACE AMOUNT.

$$
