000
CDUS41 KBUF 151003
CLIART


CLIMATE REPORT
NATIONAL WEATHER SERVICE BUFFALO NY
602 AM EDT WED APR 15 2015


...................................

...THE WATERTOWN NY CLIMATE SUMMARY FOR APRIL 14 2015...

CLIMATE NORMAL PERIOD 1981 TO 2010
CLIMATE RECORD PERIOD 1949 TO 2015


WEATHER ITEM   OBSERVED TIME   RECORD YEAR NORMAL DEPARTURE LAST
                VALUE   (LST)  VALUE       VALUE  FROM      YEAR
                                                  NORMAL
..................................................................
TEMPERATURE (F)
 YESTERDAY
  MAXIMUM         58    228 PM  87    1968  54      4       80
  MINIMUM         35   1102 PM  18    1973  33      2       50
  AVERAGE         47                        43      4       65

PRECIPITATION (IN)
  YESTERDAY        0.00          0.56 2002   0.10  -0.10     0.56
                                      2002
                                      2014
  MONTH TO DATE    1.14                      1.36  -0.22     2.71
  SINCE MAR 1      1.97                      3.66  -1.69     4.82
  SINCE JAN 1      5.06                      8.54  -3.48    11.92

DEGREE DAYS
 HEATING
  YESTERDAY       18                        22     -4        0
  MONTH TO DATE  310                       343    -33      300
  SINCE MAR 1   1491                      1409     82     1605
  SINCE JUL 1   7011                      6850    161     7276

 COOLING
  YESTERDAY        0                         0      0        0
  MONTH TO DATE    0                         0      0        0
  SINCE MAR 1      0                         0      0        0
  SINCE JAN 1      0                         0      0        0
..................................................................


WIND (MPH)
  HIGHEST WIND SPEED    18   HIGHEST WIND DIRECTION    SW (230)
  HIGHEST GUST SPEED    25   HIGHEST GUST DIRECTION    SW (230)
  AVERAGE WIND SPEED     8.3


SKY COVER
  AVERAGE SKY COVER 0.1


WEATHER CONDITIONS
 THE FOLLOWING WEATHER WAS RECORDED YESTERDAY.
  NO SIGNIFICANT WEATHER WAS OBSERVED.


RELATIVE HUMIDITY (PERCENT)
 HIGHEST    86           200 AM
 LOWEST     41           400 PM
 AVERAGE    64

..........................................................


THE WATERTOWN NY CLIMATE NORMALS FOR TODAY
                         NORMAL    RECORD    YEAR
 MAXIMUM TEMPERATURE (F)   54        85      1994
 MINIMUM TEMPERATURE (F)   33        17      1992


SUNRISE AND SUNSET
APRIL 15 2015.........SUNRISE   621 AM EDT   SUNSET   748 PM EDT
APRIL 16 2015.........SUNRISE   620 AM EDT   SUNSET   749 PM EDT


-  INDICATES NEGATIVE NUMBERS.
R  INDICATES RECORD WAS SET OR TIED.
MM INDICATES DATA IS MISSING.
T  INDICATES TRACE AMOUNT.




$$
