000
CDUS41 KBUF 140705
CLIART


CLIMATE REPORT
NATIONAL WEATHER SERVICE BUFFALO NY
305 AM EDT TUE APR 14 2015


...................................

...THE WATERTOWN NY CLIMATE SUMMARY FOR APRIL 13 2015...

CLIMATE NORMAL PERIOD 1981 TO 2010
CLIMATE RECORD PERIOD 1949 TO 2015


WEATHER ITEM   OBSERVED TIME   RECORD YEAR NORMAL DEPARTURE LAST
                VALUE   (LST)  VALUE       VALUE  FROM      YEAR
                                                  NORMAL
..................................................................
TEMPERATURE (F)
 YESTERDAY
  MAXIMUM         81R   408 PM  79    2014  54     27       79
                                      1968
  MINIMUM         32    137 AM  17    2009  32      0       46
  AVERAGE         57                        43     14       63

PRECIPITATION (IN)
  YESTERDAY        0.16          1.53 2002   0.10   0.06     0.36
  MONTH TO DATE    1.14                      1.26  -0.12     2.15
  SINCE MAR 1      1.97                      3.56  -1.59     4.26
  SINCE JAN 1      5.06                      8.44  -3.38    11.36

DEGREE DAYS
 HEATING
  YESTERDAY        8                        22    -14        2
  MONTH TO DATE  292                       321    -29      300
  SINCE MAR 1   1473                      1387     86     1605
  SINCE JUL 1   6993                      6828    165     7276

 COOLING
  YESTERDAY        0                         0      0        0
  MONTH TO DATE    0                         0      0        0
  SINCE MAR 1      0                         0      0        0
  SINCE JAN 1      0                         0      0        0
..................................................................


WIND (MPH)
  HIGHEST WIND SPEED    35   HIGHEST WIND DIRECTION     W (250)
  HIGHEST GUST SPEED    54   HIGHEST GUST DIRECTION     W (260)
  AVERAGE WIND SPEED     9.9


SKY COVER
  AVERAGE SKY COVER 0.2


WEATHER CONDITIONS
 THE FOLLOWING WEATHER WAS RECORDED YESTERDAY.
  RAIN
  LIGHT RAIN
  FOG


RELATIVE HUMIDITY (PERCENT)
 HIGHEST    93           900 PM
 LOWEST     23           100 PM
 AVERAGE    58

..........................................................


THE WATERTOWN NY CLIMATE NORMALS FOR TODAY
                         NORMAL    RECORD    YEAR
 MAXIMUM TEMPERATURE (F)   54        87      1968
 MINIMUM TEMPERATURE (F)   33        18      1973


SUNRISE AND SUNSET
APRIL 14 2015.........SUNRISE   623 AM EDT   SUNSET   747 PM EDT
APRIL 15 2015.........SUNRISE   621 AM EDT   SUNSET   748 PM EDT


-  INDICATES NEGATIVE NUMBERS.
R  INDICATES RECORD WAS SET OR TIED.
MM INDICATES DATA IS MISSING.
T  INDICATES TRACE AMOUNT.




$$
