000
CDUS41 KBUF 190706
CLIART


CLIMATE REPORT
NATIONAL WEATHER SERVICE BUFFALO NY
305 AM EDT SUN APR 19 2015


...................................

...THE WATERTOWN NY CLIMATE SUMMARY FOR APRIL 18 2015...

CLIMATE NORMAL PERIOD 1981 TO 2010
CLIMATE RECORD PERIOD 1949 TO 2015


WEATHER ITEM   OBSERVED TIME   RECORD YEAR NORMAL DEPARTURE LAST
                VALUE   (LST)  VALUE       VALUE  FROM      YEAR
                                                  NORMAL
..................................................................
TEMPERATURE (F)
 YESTERDAY
  MAXIMUM         66    333 PM  84    1976  56     10       60
  MINIMUM         39    518 AM  24    2012  34      5       40
                                      1995
  AVERAGE         53                        45      8       50

PRECIPITATION (IN)
  YESTERDAY        0.00          1.05 1981   0.10  -0.10     0.01
  MONTH TO DATE    1.18                      1.76  -0.58     3.27
  SINCE MAR 1      2.01                      4.06  -2.05     5.38
  SINCE JAN 1      5.10                      8.94  -3.84    12.48

DEGREE DAYS
 HEATING
  YESTERDAY       12                        20     -8       15
  MONTH TO DATE  377                       425    -48      399
  SINCE MAR 1   1558                      1491     67     1704
  SINCE JUL 1   7078                      6932    146     7375

 COOLING
  YESTERDAY        0                         0      0        0
  MONTH TO DATE    0                         0      0        0
  SINCE MAR 1      0                         0      0        0
  SINCE JAN 1      0                         0      0        0
..................................................................


WIND (MPH)
  HIGHEST WIND SPEED    23   HIGHEST WIND DIRECTION     N (350)
  HIGHEST GUST SPEED    26   HIGHEST GUST DIRECTION    NW (330)
  AVERAGE WIND SPEED     9.6


SKY COVER
  AVERAGE SKY COVER 0.1


WEATHER CONDITIONS
 THE FOLLOWING WEATHER WAS RECORDED YESTERDAY.
  FOG


RELATIVE HUMIDITY (PERCENT)
 HIGHEST   100           100 AM
 LOWEST     19           400 PM
 AVERAGE    60

..........................................................


THE WATERTOWN NY CLIMATE NORMALS FOR TODAY
                         NORMAL    RECORD    YEAR
 MAXIMUM TEMPERATURE (F)   56        86      2008
 MINIMUM TEMPERATURE (F)   35        19      2001


SUNRISE AND SUNSET
APRIL 19 2015.........SUNRISE   615 AM EDT   SUNSET   753 PM EDT
APRIL 20 2015.........SUNRISE   613 AM EDT   SUNSET   754 PM EDT


-  INDICATES NEGATIVE NUMBERS.
R  INDICATES RECORD WAS SET OR TIED.
MM INDICATES DATA IS MISSING.
T  INDICATES TRACE AMOUNT.




$$
